Last updated on 2024-04-23 12:49:24 CEST.
Flavor | Version | Tinstall | Tcheck | Ttotal | Status | Flags |
---|---|---|---|---|---|---|
r-devel-linux-x86_64-debian-clang | 3.1 | 165.35 | 42.31 | 207.66 | NOTE | |
r-devel-linux-x86_64-debian-gcc | 3.1 | 126.82 | 32.07 | 158.89 | NOTE | |
r-devel-linux-x86_64-fedora-clang | 3.1 | 322.86 | NOTE | |||
r-devel-linux-x86_64-fedora-gcc | 3.1 | 321.63 | NOTE | |||
r-prerel-macos-arm64 | 3.1 | 59.00 | NOTE | |||
r-prerel-windows-x86_64 | 3.1 | 145.00 | 83.00 | 228.00 | NOTE | |
r-patched-linux-x86_64 | 3.1 | 157.14 | 41.63 | 198.77 | NOTE | |
r-release-linux-x86_64 | 3.1 | 159.71 | 39.97 | 199.68 | NOTE | |
r-release-macos-arm64 | 3.1 | 80.00 | NOTE | |||
r-release-macos-x86_64 | 3.1 | 165.00 | NOTE | |||
r-release-windows-x86_64 | 3.1 | 133.00 | 91.00 | 224.00 | NOTE | |
r-oldrel-macos-arm64 | 3.1 | 64.00 | NOTE | |||
r-oldrel-windows-x86_64 | 3.1 | 164.00 | 92.00 | 256.00 | NOTE |
Version: 3.1
Check: C++ specification
Result: NOTE
Specified C++11: please drop specification unless essential
Flavors: r-devel-linux-x86_64-debian-clang, r-devel-linux-x86_64-debian-gcc, r-devel-linux-x86_64-fedora-clang, r-devel-linux-x86_64-fedora-gcc, r-prerel-macos-arm64, r-prerel-windows-x86_64, r-patched-linux-x86_64, r-release-linux-x86_64, r-release-macos-arm64, r-release-macos-x86_64, r-release-windows-x86_64
Version: 3.1
Check: for GNU extensions in Makefiles
Result: NOTE
GNU make is a SystemRequirements.
Flavors: r-devel-linux-x86_64-debian-clang, r-devel-linux-x86_64-debian-gcc, r-devel-linux-x86_64-fedora-clang, r-devel-linux-x86_64-fedora-gcc, r-prerel-macos-arm64, r-prerel-windows-x86_64, r-patched-linux-x86_64, r-release-linux-x86_64, r-release-macos-arm64, r-release-macos-x86_64, r-release-windows-x86_64, r-oldrel-macos-arm64, r-oldrel-windows-x86_64
Version: 3.1
Check: dependencies in R code
Result: NOTE
Namespace in Imports field not imported from: ‘RcppProgress’
All declared Imports should be used.
Flavors: r-devel-linux-x86_64-fedora-clang, r-devel-linux-x86_64-fedora-gcc
Version: 3.1
Check: installed package size
Result: NOTE
installed size is 6.8Mb
sub-directories of 1Mb or more:
libs 6.6Mb
Flavors: r-prerel-macos-arm64, r-release-macos-arm64, r-release-macos-x86_64, r-oldrel-macos-arm64