CRAN Package Check Results for Package cplexAPI

Last updated on 2021-04-21 21:49:53 CEST.

Flavor Version Tinstall Tcheck Ttotal Status Flags
r-devel-linux-x86_64-debian-clang 1.4.0 8.88 62.69 71.57 OK --no-examples --no-tests --no-vignettes
r-devel-linux-x86_64-debian-gcc 1.4.0 7.05 49.03 56.08 OK --no-examples --no-tests --no-vignettes
r-devel-windows-x86_64-gcc10-UCRT 1.4.0 ERROR
r-patched-linux-x86_64 1.4.0 6.57 61.43 68.00 OK --no-examples --no-tests --no-vignettes
r-release-linux-x86_64 1.4.0 7.64 61.25 68.89 OK --no-examples --no-tests --no-vignettes
r-release-macos-x86_64 1.4.0 ERROR
r-release-windows-ix86+x86_64 1.3.6 2.00 7.00 9.00 ERROR
r-oldrel-macos-x86_64 1.4.0 ERROR

Check Details

Version: 1.4.0
Check: whether package can be installed
Result: ERROR
    Installation failed.
Flavors: r-devel-windows-x86_64-gcc10-UCRT, r-release-macos-x86_64, r-oldrel-macos-x86_64

Version: 1.3.6
Check: whether package can be installed
Result: ERROR
    Installation failed.
Flavor: r-release-windows-ix86+x86_64