Last updated on 2023-10-04 20:42:24 CEST.
Flavor | Version | Tinstall | Tcheck | Ttotal | Status | Flags |
---|---|---|---|---|---|---|
r-devel-linux-x86_64-debian-clang | 1.0.3 | 44.74 | 187.21 | 231.95 | NOTE | |
r-devel-linux-x86_64-debian-gcc | 1.0.3 | 33.07 | 136.06 | 169.13 | NOTE | |
r-devel-linux-x86_64-fedora-clang | 1.0.3 | 287.83 | NOTE | |||
r-devel-linux-x86_64-fedora-gcc | 1.0.3 | 301.14 | NOTE | |||
r-devel-windows-x86_64 | 1.0.3 | 36.00 | 168.00 | 204.00 | NOTE | |
r-patched-linux-x86_64 | 1.0.3 | 46.63 | 178.32 | 224.95 | NOTE | |
r-release-linux-x86_64 | 1.0.3 | 43.87 | 180.08 | 223.95 | NOTE | |
r-release-macos-arm64 | 1.0.3 | 93.00 | NOTE | |||
r-release-macos-x86_64 | 1.0.3 | 167.00 | NOTE | |||
r-release-windows-x86_64 | 1.0.3 | 46.00 | 205.00 | 251.00 | NOTE | |
r-oldrel-macos-arm64 | 1.0.3 | 81.00 | NOTE | |||
r-oldrel-macos-x86_64 | 1.0.3 | 147.00 | NOTE | |||
r-oldrel-windows-x86_64 | 1.0.3 | 49.00 | 203.00 | 252.00 | NOTE |
Version: 1.0.3
Check: C++ specification
Result: NOTE
Specified C++11: please drop specification unless essential
Flavors: r-devel-linux-x86_64-debian-clang, r-devel-linux-x86_64-debian-gcc, r-devel-linux-x86_64-fedora-clang, r-devel-linux-x86_64-fedora-gcc, r-devel-windows-x86_64, r-patched-linux-x86_64, r-release-linux-x86_64, r-release-macos-arm64, r-release-macos-x86_64, r-release-windows-x86_64
Version: 1.0.3
Check: LazyData
Result: NOTE
'LazyData' is specified without a 'data' directory
Flavors: r-devel-linux-x86_64-debian-clang, r-devel-linux-x86_64-debian-gcc, r-devel-linux-x86_64-fedora-clang, r-devel-linux-x86_64-fedora-gcc, r-devel-windows-x86_64, r-patched-linux-x86_64, r-release-linux-x86_64, r-release-macos-arm64, r-release-macos-x86_64, r-release-windows-x86_64, r-oldrel-macos-arm64, r-oldrel-macos-x86_64, r-oldrel-windows-x86_64