CRAN Package Check Results for Package coxphMIC

Last updated on 2023-12-11 06:48:18 CET.

Flavor Version Tinstall Tcheck Ttotal Status Flags
r-devel-linux-x86_64-debian-clang 0.1.0 6.50 63.59 70.09 NOTE
r-devel-linux-x86_64-debian-gcc 0.1.0 4.84 49.29 54.13 NOTE
r-devel-linux-x86_64-fedora-clang 0.1.0 87.81 NOTE
r-devel-linux-x86_64-fedora-gcc 0.1.0 85.52 NOTE
r-devel-windows-x86_64 0.1.0 7.00 65.00 72.00 NOTE
r-patched-linux-x86_64 0.1.0 6.12 63.34 69.46 NOTE
r-release-linux-x86_64 0.1.0 5.20 63.17 68.37 NOTE
r-release-macos-arm64 0.1.0 33.00 NOTE
r-release-macos-x86_64 0.1.0 50.00 NOTE
r-release-windows-x86_64 0.1.0 9.00 74.00 83.00 NOTE
r-oldrel-macos-arm64 0.1.0 31.00 NOTE
r-oldrel-macos-x86_64 0.1.0 40.00 NOTE
r-oldrel-windows-x86_64 0.1.0 9.00 76.00 85.00 NOTE

Check Details

Version: 0.1.0
Check: LazyData
Result: NOTE 'LazyData' is specified without a 'data' directory Flavors: r-devel-linux-x86_64-debian-clang, r-devel-linux-x86_64-debian-gcc, r-devel-linux-x86_64-fedora-clang, r-devel-linux-x86_64-fedora-gcc, r-devel-windows-x86_64, r-patched-linux-x86_64, r-release-linux-x86_64, r-release-macos-arm64, r-release-macos-x86_64, r-release-windows-x86_64, r-oldrel-macos-arm64, r-oldrel-macos-x86_64, r-oldrel-windows-x86_64