Last updated on 2024-04-27 12:48:07 CEST.
Flavor | Version | Tinstall | Tcheck | Ttotal | Status | Flags |
---|---|---|---|---|---|---|
r-devel-linux-x86_64-debian-clang | 2023.05.18 | 8.66 | 52.19 | 60.85 | OK | |
r-devel-linux-x86_64-debian-gcc | 2023.05.18 | 8.73 | 40.24 | 48.97 | OK | |
r-devel-linux-x86_64-fedora-clang | 2023.05.18 | 83.11 | NOTE | |||
r-devel-linux-x86_64-fedora-gcc | 2023.05.18 | 90.41 | NOTE | |||
r-devel-windows-x86_64 | 2023.05.18 | 10.00 | 61.00 | 71.00 | OK | |
r-patched-linux-x86_64 | 2023.05.18 | 8.79 | 50.05 | 58.84 | OK | |
r-release-linux-x86_64 | 2023.05.18 | 9.85 | 49.11 | 58.96 | OK | |
r-release-macos-arm64 | 2023.05.18 | 33.00 | OK | |||
r-release-windows-x86_64 | 2023.05.18 | 9.00 | 62.00 | 71.00 | OK | |
r-oldrel-macos-arm64 | 2023.05.18 | 37.00 | OK | |||
r-oldrel-macos-x86_64 | 2023.05.18 | 98.00 | OK | |||
r-oldrel-windows-x86_64 | 2023.05.18 | 9.00 | 63.00 | 72.00 | OK |
Version: 2023.05.18
Check: data for non-ASCII characters
Result: NOTE
Note: found 213180 marked UTF-8 strings
Flavors: r-devel-linux-x86_64-fedora-clang, r-devel-linux-x86_64-fedora-gcc