Last updated on 2024-04-25 06:02:02 CEST.
Flavor | Version | Tinstall | Tcheck | Ttotal | Status | Flags |
---|---|---|---|---|---|---|
r-devel-linux-x86_64-debian-clang | 0.5.2 | 6.58 | 204.85 | 211.43 | OK | |
r-devel-linux-x86_64-debian-gcc | 0.5.2 | 6.24 | 140.29 | 146.53 | OK | |
r-devel-linux-x86_64-fedora-clang | 0.5.2 | 254.35 | NOTE | |||
r-devel-linux-x86_64-fedora-gcc | 0.5.2 | 256.61 | NOTE | |||
r-devel-windows-x86_64 | 0.5.2 | 10.00 | 182.00 | 192.00 | OK | |
r-patched-linux-x86_64 | 0.5.2 | 8.31 | 194.52 | 202.83 | OK | |
r-release-linux-x86_64 | 0.5.2 | 7.53 | 192.30 | 199.83 | OK | |
r-release-macos-arm64 | 0.5.2 | 102.00 | OK | |||
r-release-windows-x86_64 | 0.5.2 | 8.00 | 188.00 | 196.00 | OK | |
r-oldrel-macos-arm64 | 0.5.2 | 95.00 | OK | |||
r-oldrel-macos-x86_64 | 0.5.2 | 200.00 | OK | |||
r-oldrel-windows-x86_64 | 0.5.2 | 10.00 | 225.00 | 235.00 | OK |
Version: 0.5.2
Check: data for non-ASCII characters
Result: NOTE
Note: found 20 marked UTF-8 strings
Flavors: r-devel-linux-x86_64-fedora-clang, r-devel-linux-x86_64-fedora-gcc