Last updated on 2024-04-17 21:55:50 CEST.
Flavor | Version | Tinstall | Tcheck | Ttotal | Status | Flags |
---|---|---|---|---|---|---|
r-devel-linux-x86_64-debian-clang | 0.1.4 | 15.36 | 118.47 | 133.83 | OK | |
r-devel-linux-x86_64-debian-gcc | 0.1.4 | 12.51 | 88.51 | 101.02 | OK | |
r-devel-linux-x86_64-fedora-clang | 0.1.4 | 171.03 | NOTE | |||
r-devel-linux-x86_64-fedora-gcc | 0.1.4 | 160.73 | NOTE | |||
r-prerel-macos-arm64 | 0.1.4 | 45.00 | OK | |||
r-prerel-windows-x86_64 | 0.1.4 | 13.00 | 102.00 | 115.00 | OK | |
r-patched-linux-x86_64 | 0.1.4 | 14.48 | 113.18 | 127.66 | OK | |
r-release-linux-x86_64 | 0.1.4 | 10.16 | 119.04 | 129.20 | OK | |
r-release-macos-arm64 | 0.1.4 | 48.00 | OK | |||
r-release-macos-x86_64 | 0.1.4 | 79.00 | OK | |||
r-release-windows-x86_64 | 0.1.4 | 18.00 | 127.00 | 145.00 | OK | |
r-oldrel-macos-arm64 | 0.1.4 | 49.00 | NOTE | |||
r-oldrel-windows-x86_64 | 0.1.4 | 18.00 | 133.00 | 151.00 | OK |
Version: 0.1.4
Check: dependencies in R code
Result: NOTE
Namespaces in Imports field not imported from:
‘httr’ ‘stringr’
All declared Imports should be used.
Flavors: r-devel-linux-x86_64-fedora-clang, r-devel-linux-x86_64-fedora-gcc, r-oldrel-macos-arm64