CRAN Package Check Results for Package covid19france

Last updated on 2024-05-19 02:51:11 CEST.

Flavor Version Tinstall Tcheck Ttotal Status Flags
r-devel-linux-x86_64-debian-clang 0.1.0 2.35 43.67 46.02 NOTE
r-devel-linux-x86_64-debian-gcc 0.1.0 1.66 31.44 33.10 NOTE
r-devel-linux-x86_64-fedora-clang 0.1.0 57.24 NOTE
r-devel-linux-x86_64-fedora-gcc 0.1.0 58.23 NOTE
r-devel-windows-x86_64 0.1.0 3.00 58.00 61.00 NOTE
r-patched-linux-x86_64 0.1.0 2.20 40.70 42.90 NOTE
r-release-linux-x86_64 0.1.0 1.95 40.78 42.73 NOTE
r-release-macos-arm64 0.1.0 21.00 NOTE
r-release-windows-x86_64 0.1.0 5.00 59.00 64.00 NOTE
r-oldrel-macos-arm64 0.1.0 25.00 NOTE
r-oldrel-macos-x86_64 0.1.0 31.00 NOTE
r-oldrel-windows-x86_64 0.1.0 3.00 63.00 66.00 NOTE

Check Details

Version: 0.1.0
Check: LazyData
Result: NOTE 'LazyData' is specified without a 'data' directory Flavors: r-devel-linux-x86_64-debian-clang, r-devel-linux-x86_64-debian-gcc, r-devel-linux-x86_64-fedora-clang, r-devel-linux-x86_64-fedora-gcc, r-devel-windows-x86_64, r-patched-linux-x86_64, r-release-linux-x86_64, r-release-macos-arm64, r-release-windows-x86_64, r-oldrel-macos-arm64, r-oldrel-macos-x86_64, r-oldrel-windows-x86_64

Version: 0.1.0
Check: dependencies in R code
Result: NOTE Namespace in Imports field not imported from: ‘lubridate’ All declared Imports should be used. Flavors: r-devel-linux-x86_64-fedora-clang, r-devel-linux-x86_64-fedora-gcc