Last updated on 2024-04-20 03:52:56 CEST.
Flavor | Version | Tinstall | Tcheck | Ttotal | Status | Flags |
---|---|---|---|---|---|---|
r-devel-linux-x86_64-debian-clang | 0.1.0 | 2.42 | 42.61 | 45.03 | NOTE | |
r-devel-linux-x86_64-debian-gcc | 0.1.0 | NOTE | ||||
r-devel-linux-x86_64-fedora-clang | 0.1.0 | 56.44 | NOTE | |||
r-devel-linux-x86_64-fedora-gcc | 0.1.0 | 53.82 | NOTE | |||
r-prerel-macos-arm64 | 0.1.0 | 21.00 | NOTE | |||
r-prerel-windows-x86_64 | 0.1.0 | 3.00 | 56.00 | 59.00 | NOTE | |
r-patched-linux-x86_64 | 0.1.0 | 2.17 | 41.60 | 43.77 | NOTE | |
r-release-linux-x86_64 | 0.1.0 | 1.39 | 40.93 | 42.32 | NOTE | |
r-release-macos-arm64 | 0.1.0 | 25.00 | NOTE | |||
r-release-macos-x86_64 | 0.1.0 | 31.00 | NOTE | |||
r-release-windows-x86_64 | 0.1.0 | 3.00 | 65.00 | 68.00 | NOTE | |
r-oldrel-macos-arm64 | 0.1.0 | 21.00 | NOTE | |||
r-oldrel-windows-x86_64 | 0.1.0 | 4.00 | 62.00 | 66.00 | NOTE |
Version: 0.1.0
Check: LazyData
Result: NOTE
'LazyData' is specified without a 'data' directory
Flavors: r-devel-linux-x86_64-debian-clang, r-devel-linux-x86_64-debian-gcc, r-devel-linux-x86_64-fedora-clang, r-devel-linux-x86_64-fedora-gcc, r-prerel-macos-arm64, r-prerel-windows-x86_64, r-patched-linux-x86_64, r-release-linux-x86_64, r-release-macos-arm64, r-release-macos-x86_64, r-release-windows-x86_64, r-oldrel-macos-arm64, r-oldrel-windows-x86_64
Version: 0.1.0
Check: dependencies in R code
Result: NOTE
Namespace in Imports field not imported from: ‘lubridate’
All declared Imports should be used.
Flavors: r-devel-linux-x86_64-fedora-clang, r-devel-linux-x86_64-fedora-gcc, r-oldrel-macos-arm64