CRAN Package Check Results for Package covid19br

Last updated on 2022-12-05 11:51:36 CET.

Flavor Version Tinstall Tcheck Ttotal Status Flags
r-devel-linux-x86_64-debian-clang 0.1.4 6.93 171.42 178.35 OK
r-devel-linux-x86_64-debian-gcc 0.1.4 5.29 128.31 133.60 OK
r-devel-linux-x86_64-fedora-clang 0.1.4 221.13 NOTE
r-devel-linux-x86_64-fedora-gcc 0.1.4 225.18 NOTE
r-devel-windows-x86_64 0.1.4 22.00 222.00 244.00 NOTE
r-patched-linux-x86_64 0.1.4 5.36 159.47 164.83 OK
r-release-linux-x86_64 0.1.4 6.34 149.79 156.13 OK
r-release-macos-arm64 0.1.4 101.00 NOTE
r-release-macos-x86_64 0.1.4 169.00 NOTE
r-release-windows-x86_64 0.1.4 20.00 217.00 237.00 NOTE
r-oldrel-macos-arm64 0.1.4 94.00 NOTE
r-oldrel-macos-x86_64 0.1.4 127.00 NOTE
r-oldrel-windows-ix86+x86_64 0.1.4 16.00 243.00 259.00 NOTE

Check Details

Version: 0.1.4
Check: installed package size
Result: NOTE
     installed size is 6.5Mb
     sub-directories of 1Mb or more:
     doc 6.3Mb
Flavors: r-devel-linux-x86_64-fedora-clang, r-devel-windows-x86_64, r-release-macos-arm64, r-release-macos-x86_64, r-release-windows-x86_64, r-oldrel-macos-arm64, r-oldrel-macos-x86_64, r-oldrel-windows-ix86+x86_64

Version: 0.1.4
Check: data for non-ASCII characters
Result: NOTE
     Note: found 2385 marked UTF-8 strings
Flavors: r-devel-linux-x86_64-fedora-clang, r-devel-linux-x86_64-fedora-gcc, r-release-macos-arm64, r-release-macos-x86_64, r-oldrel-macos-arm64, r-oldrel-macos-x86_64