CRAN Package Check Results for Package covequal

Last updated on 2022-01-26 06:50:10 CET.

Flavor Version Tinstall Tcheck Ttotal Status Flags
r-devel-linux-x86_64-debian-clang 0.1.0 1.97 33.07 35.04 NOTE
r-devel-linux-x86_64-debian-gcc 0.1.0 1.47 26.03 27.50 NOTE
r-devel-linux-x86_64-fedora-clang 0.1.0 44.03 NOTE
r-devel-linux-x86_64-fedora-gcc 0.1.0 31.84 NOTE
r-devel-windows-x86_64-new-UL 0.1.0 20.00 55.00 75.00 NOTE
r-devel-windows-x86_64-new-TK 0.1.0 NOTE
r-patched-linux-x86_64 0.1.0 1.35 31.34 32.69 NOTE
r-release-linux-x86_64 0.1.0 1.74 31.68 33.42 NOTE
r-release-macos-arm64 0.1.0 NOTE
r-release-macos-x86_64 0.1.0 NOTE
r-release-windows-ix86+x86_64 0.1.0 5.00 42.00 47.00 NOTE
r-oldrel-macos-x86_64 0.1.0 OK
r-oldrel-windows-ix86+x86_64 0.1.0 4.00 41.00 45.00 OK

Check Details

Version: 0.1.0
Check: LazyData
Result: NOTE
     'LazyData' is specified without a 'data' directory
Flavors: r-devel-linux-x86_64-debian-clang, r-devel-linux-x86_64-debian-gcc, r-devel-linux-x86_64-fedora-clang, r-devel-linux-x86_64-fedora-gcc, r-devel-windows-x86_64-new-UL, r-devel-windows-x86_64-new-TK, r-patched-linux-x86_64, r-release-linux-x86_64, r-release-macos-arm64, r-release-macos-x86_64, r-release-windows-ix86+x86_64