Last updated on 2023-03-21 03:54:18 CET.
Flavor | Version | Tinstall | Tcheck | Ttotal | Status | Flags |
---|---|---|---|---|---|---|
r-devel-linux-x86_64-debian-clang | 1.0.1 | NOTE | ||||
r-devel-linux-x86_64-debian-gcc | 1.0.1 | 32.55 | 216.27 | 248.82 | NOTE | |
r-devel-linux-x86_64-fedora-clang | 1.0.1 | 291.49 | NOTE | |||
r-devel-linux-x86_64-fedora-gcc | 1.0.1 | 269.27 | NOTE | |||
r-devel-windows-x86_64 | 1.0.1 | 42.00 | 170.00 | 212.00 | NOTE | |
r-patched-linux-x86_64 | 1.0.1 | 35.20 | 228.93 | 264.13 | OK | |
r-release-linux-x86_64 | 1.0.1 | 38.20 | 238.85 | 277.05 | OK | |
r-release-macos-arm64 | 1.0.1 | 61.00 | OK | |||
r-release-macos-x86_64 | 1.0.1 | 71.00 | OK | |||
r-release-windows-x86_64 | 1.0.1 | 54.00 | 167.00 | 221.00 | OK | |
r-oldrel-macos-arm64 | 1.0.1 | 58.00 | OK | |||
r-oldrel-macos-x86_64 | 1.0.1 | 80.00 | OK | |||
r-oldrel-windows-ix86+x86_64 | 1.0.1 | 105.00 | 290.00 | 395.00 | OK |
Version: 1.0.1
Check: C++ specification
Result: NOTE
Specified C++11: please drop specification unless essential
Flavors: r-devel-linux-x86_64-debian-clang, r-devel-linux-x86_64-debian-gcc, r-devel-linux-x86_64-fedora-clang, r-devel-linux-x86_64-fedora-gcc, r-devel-windows-x86_64