Last updated on 2023-10-04 20:42:24 CEST.
Flavor | Version | Tinstall | Tcheck | Ttotal | Status | Flags |
---|---|---|---|---|---|---|
r-devel-linux-x86_64-debian-clang | 0.4.0 | 2.87 | 33.34 | 36.21 | OK | |
r-devel-linux-x86_64-debian-gcc | 0.4.0 | 2.37 | 25.87 | 28.24 | OK | |
r-devel-linux-x86_64-fedora-clang | 0.4.0 | 44.98 | NOTE | |||
r-devel-linux-x86_64-fedora-gcc | 0.4.0 | 56.73 | OK | |||
r-devel-windows-x86_64 | 0.4.0 | 5.00 | 49.00 | 54.00 | OK | |
r-patched-linux-x86_64 | 0.4.0 | 3.38 | 32.98 | 36.36 | OK | |
r-release-linux-x86_64 | 0.4.0 | 3.26 | 32.40 | 35.66 | OK | |
r-release-macos-arm64 | 0.4.0 | 24.00 | OK | |||
r-release-macos-x86_64 | 0.4.0 | 34.00 | OK | |||
r-release-windows-x86_64 | 0.4.0 | 5.00 | 52.00 | 57.00 | OK | |
r-oldrel-macos-arm64 | 0.4.0 | 27.00 | OK | |||
r-oldrel-macos-x86_64 | 0.4.0 | 41.00 | OK | |||
r-oldrel-windows-x86_64 | 0.4.0 | 4.00 | 54.00 | 58.00 | OK |
Version: 0.4.0
Check: Rd cross-references
Result: NOTE
Undeclared packages ‘xaringan’, ‘beepr’ in Rd xrefs
Flavor: r-devel-linux-x86_64-fedora-clang