Last updated on 2024-04-23 12:49:24 CEST.
Flavor | Version | Tinstall | Tcheck | Ttotal | Status | Flags |
---|---|---|---|---|---|---|
r-devel-linux-x86_64-debian-clang | 0.4.0 | 3.10 | 32.78 | 35.88 | OK | |
r-devel-linux-x86_64-debian-gcc | 0.4.0 | 2.36 | 25.69 | 28.05 | OK | |
r-devel-linux-x86_64-fedora-clang | 0.4.0 | 46.11 | NOTE | |||
r-devel-linux-x86_64-fedora-gcc | 0.4.0 | 57.93 | OK | |||
r-prerel-macos-arm64 | 0.4.0 | 23.00 | OK | |||
r-prerel-windows-x86_64 | 0.4.0 | 3.00 | 47.00 | 50.00 | OK | |
r-patched-linux-x86_64 | 0.4.0 | 3.20 | 32.12 | 35.32 | OK | |
r-release-linux-x86_64 | 0.4.0 | 3.01 | 32.30 | 35.31 | OK | |
r-release-macos-arm64 | 0.4.0 | 24.00 | OK | |||
r-release-macos-x86_64 | 0.4.0 | 34.00 | OK | |||
r-release-windows-x86_64 | 0.4.0 | 4.00 | 52.00 | 56.00 | OK | |
r-oldrel-macos-arm64 | 0.4.0 | 27.00 | OK | |||
r-oldrel-windows-x86_64 | 0.4.0 | 4.00 | 53.00 | 57.00 | OK |
Version: 0.4.0
Check: Rd cross-references
Result: NOTE
Undeclared packages ‘xaringan’, ‘beepr’ in Rd xrefs
Flavor: r-devel-linux-x86_64-fedora-clang