Last updated on 2024-03-29 06:56:23 CET.
Flavor | Version | Tinstall | Tcheck | Ttotal | Status | Flags |
---|---|---|---|---|---|---|
r-devel-linux-x86_64-debian-clang | 0.9.1 | 1.89 | 108.79 | 110.68 | NOTE | |
r-devel-linux-x86_64-debian-gcc | 0.9.1 | 2.28 | 77.63 | 79.91 | NOTE | |
r-devel-linux-x86_64-fedora-clang | 0.9.1 | 141.09 | NOTE | |||
r-devel-linux-x86_64-fedora-gcc | 0.9.1 | 150.47 | NOTE | |||
r-devel-windows-x86_64 | 0.9.1 | 4.00 | 99.00 | 103.00 | NOTE | |
r-patched-linux-x86_64 | 0.9.1 | 3.23 | 106.61 | 109.84 | NOTE | |
r-release-linux-x86_64 | 0.9.1 | 2.01 | 105.01 | 107.02 | NOTE | |
r-release-macos-arm64 | 0.9.1 | 50.00 | NOTE | |||
r-release-macos-x86_64 | 0.9.1 | 70.00 | NOTE | |||
r-release-windows-x86_64 | 0.9.1 | 5.00 | 116.00 | 121.00 | NOTE | |
r-oldrel-macos-arm64 | 0.9.1 | 39.00 | NOTE | |||
r-oldrel-windows-x86_64 | 0.9.1 | 5.00 | 125.00 | 130.00 | NOTE |
Version: 0.9.1
Check: LazyData
Result: NOTE
'LazyData' is specified without a 'data' directory
Flavors: r-devel-linux-x86_64-debian-clang, r-devel-linux-x86_64-debian-gcc, r-devel-linux-x86_64-fedora-clang, r-devel-linux-x86_64-fedora-gcc, r-devel-windows-x86_64, r-patched-linux-x86_64, r-release-linux-x86_64, r-release-macos-arm64, r-release-macos-x86_64, r-release-windows-x86_64, r-oldrel-macos-arm64, r-oldrel-windows-x86_64
Version: 0.9.1
Check: dependencies in R code
Result: NOTE
Namespace in Imports field not imported from: ‘jpeg’
All declared Imports should be used.
Flavors: r-devel-linux-x86_64-fedora-clang, r-devel-linux-x86_64-fedora-gcc, r-oldrel-macos-arm64