CRAN Package Check Results for Package correlation

Last updated on 2020-07-15 06:47:58 CEST.

Flavor Version Tinstall Tcheck Ttotal Status Flags
r-devel-linux-x86_64-debian-clang 0.3.0 4.07 71.54 75.61 OK
r-devel-linux-x86_64-debian-gcc 0.3.0 4.05 53.46 57.51 OK
r-devel-linux-x86_64-fedora-clang 0.3.0 103.68 OK
r-devel-linux-x86_64-fedora-gcc 0.3.0 92.88 OK
r-devel-windows-ix86+x86_64 0.3.0 13.00 109.00 122.00 OK
r-patched-linux-x86_64 0.3.0 4.55 70.46 75.01 NOTE
r-patched-solaris-x86 0.3.0 116.30 OK
r-release-linux-x86_64 0.3.0 3.97 70.05 74.02 OK
r-release-macos-x86_64 0.3.0 ERROR
r-release-windows-ix86+x86_64 0.3.0 12.00 87.00 99.00 OK
r-oldrel-macos-x86_64 0.3.0 OK
r-oldrel-windows-ix86+x86_64 0.3.0 10.00 105.00 115.00 OK

Check Details

Version: 0.3.0
Check: package dependencies
Result: NOTE
    Package suggested but not available for checking: ‘rstanarm’
Flavor: r-patched-linux-x86_64

Version: 0.3.0
Check: whether package can be installed
Result: ERROR
    Installation failed.
Flavor: r-release-macos-x86_64