CRAN Package Check Results for Package corregp

Last updated on 2022-10-01 05:51:19 CEST.

Flavor Version Tinstall Tcheck Ttotal Status Flags
r-devel-linux-x86_64-debian-clang 2.0.2 8.90 74.15 83.05 OK
r-devel-linux-x86_64-debian-gcc 2.0.2 5.35 54.26 59.61 OK
r-devel-linux-x86_64-fedora-clang 2.0.2 112.94 NOTE
r-devel-linux-x86_64-fedora-gcc 2.0.2 103.80 NOTE
r-devel-windows-x86_64 2.0.2 20.00 122.00 142.00 OK
r-patched-linux-x86_64 2.0.2 8.61 68.17 76.78 OK
r-release-linux-x86_64 2.0.2 8.05 67.33 75.38 OK
r-release-macos-arm64 2.0.2 34.00 NOTE
r-release-macos-x86_64 2.0.2 42.00 NOTE
r-release-windows-x86_64 2.0.2 22.00 104.00 126.00 OK
r-oldrel-macos-arm64 2.0.2 48.00 NOTE
r-oldrel-macos-x86_64 2.0.2 59.00 NOTE
r-oldrel-windows-ix86+x86_64 2.0.2 15.00 89.00 104.00 OK

Check Details

Version: 2.0.2
Check: data for non-ASCII characters
Result: NOTE
     Note: found 2 marked Latin-1 strings
Flavors: r-devel-linux-x86_64-fedora-clang, r-devel-linux-x86_64-fedora-gcc, r-release-macos-arm64, r-release-macos-x86_64, r-oldrel-macos-arm64, r-oldrel-macos-x86_64