Last updated on 2022-08-10 06:52:53 CEST.
Flavor | Version | Tinstall | Tcheck | Ttotal | Status | Flags |
---|---|---|---|---|---|---|
r-devel-linux-x86_64-debian-clang | 0.8.6 | 4.25 | 50.06 | 54.31 | OK | |
r-devel-linux-x86_64-debian-gcc | 0.8.6 | 3.46 | 36.82 | 40.28 | OK | |
r-devel-linux-x86_64-fedora-clang | 0.8.6 | 76.60 | NOTE | |||
r-devel-linux-x86_64-fedora-gcc | 0.8.6 | 70.13 | NOTE | |||
r-devel-windows-x86_64 | 0.8.6 | 263.00 | 171.00 | 434.00 | OK | |
r-patched-linux-x86_64 | 0.8.6 | 4.39 | 44.46 | 48.85 | OK | |
r-release-linux-x86_64 | 0.8.6 | OK | ||||
r-release-macos-arm64 | 0.8.6 | 20.00 | NOTE | |||
r-release-macos-x86_64 | 0.8.6 | 33.00 | NOTE | |||
r-release-windows-x86_64 | 0.8.6 | 218.00 | 75.00 | 293.00 | OK | |
r-oldrel-macos-arm64 | 0.8.6 | 19.00 | NOTE | |||
r-oldrel-macos-x86_64 | 0.8.6 | 31.00 | NOTE | |||
r-oldrel-windows-ix86+x86_64 | 0.8.6 | 12.00 | 63.00 | 75.00 | OK |
Version: 0.8.6
Check: dependencies in R code
Result: NOTE
Namespaces in Imports field not imported from:
‘RColorBrewer’ ‘ggplot2’ ‘re2’ ‘rmarkdown’ ‘shinyWidgets’
‘shinydashboard’ ‘shinyjs’
All declared Imports should be used.
Flavors: r-devel-linux-x86_64-fedora-clang, r-devel-linux-x86_64-fedora-gcc, r-release-macos-arm64, r-release-macos-x86_64, r-oldrel-macos-arm64, r-oldrel-macos-x86_64