CRAN Package Check Results for Package coroICA

Last updated on 2023-03-21 12:50:32 CET.

Flavor Version Tinstall Tcheck Ttotal Status Flags
r-devel-linux-x86_64-debian-clang 1.0.2 2.53 29.89 32.42 NOTE
r-devel-linux-x86_64-debian-gcc 1.0.2 1.73 22.51 24.24 NOTE
r-devel-linux-x86_64-fedora-clang 1.0.2 39.68 NOTE
r-devel-linux-x86_64-fedora-gcc 1.0.2 37.75 NOTE
r-devel-windows-x86_64 1.0.2 7.00 56.00 63.00 NOTE
r-patched-linux-x86_64 1.0.2 2.00 29.59 31.59 NOTE
r-release-linux-x86_64 1.0.2 2.35 29.57 31.92 NOTE
r-release-macos-arm64 1.0.2 17.00 NOTE
r-release-macos-x86_64 1.0.2 21.00 NOTE
r-release-windows-x86_64 1.0.2 14.00 58.00 72.00 NOTE
r-oldrel-macos-arm64 1.0.2 21.00 NOTE
r-oldrel-macos-x86_64 1.0.2 33.00 NOTE
r-oldrel-windows-ix86+x86_64 1.0.2 6.00 57.00 63.00 NOTE

Check Details

Version: 1.0.2
Check: LazyData
Result: NOTE
     'LazyData' is specified without a 'data' directory
Flavors: r-devel-linux-x86_64-debian-clang, r-devel-linux-x86_64-debian-gcc, r-devel-linux-x86_64-fedora-clang, r-devel-linux-x86_64-fedora-gcc, r-devel-windows-x86_64, r-patched-linux-x86_64, r-release-linux-x86_64, r-release-macos-arm64, r-release-macos-x86_64, r-release-windows-x86_64, r-oldrel-macos-arm64, r-oldrel-macos-x86_64, r-oldrel-windows-ix86+x86_64