CRAN Package Check Results for Package coroICA

Last updated on 2024-04-23 12:49:24 CEST.

Flavor Version Tinstall Tcheck Ttotal Status Flags
r-devel-linux-x86_64-debian-clang 1.0.2 2.03 31.34 33.37 NOTE
r-devel-linux-x86_64-debian-gcc 1.0.2 1.69 23.76 25.45 NOTE
r-devel-linux-x86_64-fedora-clang 1.0.2 42.59 NOTE
r-devel-linux-x86_64-fedora-gcc 1.0.2 40.42 NOTE
r-prerel-macos-arm64 1.0.2 17.00 NOTE
r-prerel-windows-x86_64 1.0.2 3.00 43.00 46.00 NOTE
r-patched-linux-x86_64 1.0.2 1.89 30.32 32.21 NOTE
r-release-linux-x86_64 1.0.2 2.40 29.02 31.42 NOTE
r-release-macos-arm64 1.0.2 17.00 NOTE
r-release-macos-x86_64 1.0.2 24.00 NOTE
r-release-windows-x86_64 1.0.2 3.00 44.00 47.00 NOTE
r-oldrel-macos-arm64 1.0.2 19.00 NOTE
r-oldrel-windows-x86_64 1.0.2 4.00 46.00 50.00 NOTE

Check Details

Version: 1.0.2
Check: LazyData
Result: NOTE 'LazyData' is specified without a 'data' directory Flavors: r-devel-linux-x86_64-debian-clang, r-devel-linux-x86_64-debian-gcc, r-devel-linux-x86_64-fedora-clang, r-devel-linux-x86_64-fedora-gcc, r-prerel-macos-arm64, r-prerel-windows-x86_64, r-patched-linux-x86_64, r-release-linux-x86_64, r-release-macos-arm64, r-release-macos-x86_64, r-release-windows-x86_64, r-oldrel-macos-arm64, r-oldrel-windows-x86_64