CRAN Package Check Results for Package cops

Last updated on 2022-06-29 03:52:37 CEST.

Flavor Version Tinstall Tcheck Ttotal Status Flags
r-devel-linux-x86_64-debian-clang 1.2-0 19.83 184.41 204.24 OK
r-devel-linux-x86_64-debian-gcc 1.2-0 16.87 135.85 152.72 OK
r-devel-linux-x86_64-fedora-clang 1.2-0 252.87 WARN
r-devel-linux-x86_64-fedora-gcc 1.2-0 250.99 WARN
r-devel-windows-x86_64 1.2-0 40.00 204.00 244.00 OK
r-patched-linux-x86_64 1.2-0 21.87 173.75 195.62 OK
r-release-linux-x86_64 1.2-0 18.33 173.76 192.09 OK
r-release-macos-arm64 1.2-0 70.00 OK
r-release-macos-x86_64 1.2-0 114.00 OK
r-release-windows-x86_64 1.2-0 33.00 197.00 230.00 OK
r-oldrel-macos-arm64 1.2-0 72.00 OK
r-oldrel-macos-x86_64 1.2-0 119.00 OK
r-oldrel-windows-ix86+x86_64 1.2-0 48.00 196.00 244.00 OK

Check Details

Version: 1.2-0
Check: package dependencies
Result: WARN
    Requires (indirectly) orphaned package: ‘gtools’
Flavors: r-devel-linux-x86_64-fedora-clang, r-devel-linux-x86_64-fedora-gcc