Last updated on 2024-04-18 21:56:47 CEST.
Flavor | Version | Tinstall | Tcheck | Ttotal | Status | Flags |
---|---|---|---|---|---|---|
r-devel-linux-x86_64-debian-clang | 0.1 | 2.43 | 25.06 | 27.49 | NOTE | |
r-devel-linux-x86_64-debian-gcc | 0.1 | 1.90 | 19.24 | 21.14 | NOTE | |
r-devel-linux-x86_64-fedora-clang | 0.1 | 35.33 | NOTE | |||
r-devel-linux-x86_64-fedora-gcc | 0.1 | 36.98 | NOTE | |||
r-prerel-macos-arm64 | 0.1 | 16.00 | NOTE | |||
r-prerel-windows-x86_64 | 0.1 | 5.00 | 41.00 | 46.00 | NOTE | |
r-patched-linux-x86_64 | 0.1 | 2.32 | 24.11 | 26.43 | NOTE | |
r-release-linux-x86_64 | 0.1 | 2.41 | 24.26 | 26.67 | NOTE | |
r-release-macos-arm64 | 0.1 | 20.00 | NOTE | |||
r-release-macos-x86_64 | 0.1 | 23.00 | NOTE | |||
r-release-windows-x86_64 | 0.1 | 5.00 | 41.00 | 46.00 | NOTE | |
r-oldrel-macos-arm64 | 0.1 | 23.00 | NOTE | |||
r-oldrel-windows-x86_64 | 0.1 | 5.00 | 45.00 | 50.00 | NOTE |
Version: 0.1
Check: LazyData
Result: NOTE
'LazyData' is specified without a 'data' directory
Flavors: r-devel-linux-x86_64-debian-clang, r-devel-linux-x86_64-debian-gcc, r-devel-linux-x86_64-fedora-clang, r-devel-linux-x86_64-fedora-gcc, r-prerel-macos-arm64, r-prerel-windows-x86_64, r-patched-linux-x86_64, r-release-linux-x86_64, r-release-macos-arm64, r-release-macos-x86_64, r-release-windows-x86_64, r-oldrel-macos-arm64, r-oldrel-windows-x86_64