Last updated on 2025-07-23 12:54:05 CEST.
Flavor | Version | Tinstall | Tcheck | Ttotal | Status | Flags |
---|---|---|---|---|---|---|
r-devel-linux-x86_64-debian-clang | 0.1.10 | 19.96 | 186.32 | 206.28 | OK | |
r-devel-linux-x86_64-debian-gcc | 0.1.10 | 16.76 | 126.84 | 143.60 | OK | |
r-devel-linux-x86_64-fedora-clang | 0.1.10 | 309.75 | OK | |||
r-devel-linux-x86_64-fedora-gcc | 0.1.10 | 296.21 | OK | |||
r-devel-windows-x86_64 | 0.1.10 | 22.00 | 159.00 | 181.00 | OK | |
r-patched-linux-x86_64 | 0.1.10 | 20.76 | 178.89 | 199.65 | OK | |
r-release-linux-x86_64 | 0.1.10 | 17.83 | 174.52 | 192.35 | OK | |
r-release-macos-arm64 | 0.1.10 | 5.00 | ERROR | |||
r-release-macos-x86_64 | 0.1.10 | 8.00 | ERROR | |||
r-release-windows-x86_64 | 0.1.10 | 23.00 | 162.00 | 185.00 | OK | |
r-oldrel-macos-arm64 | 0.1.10 | 10.00 | ERROR | |||
r-oldrel-macos-x86_64 | 0.1.10 | 208.00 | OK | |||
r-oldrel-windows-x86_64 | 0.1.10 | 30.00 | 211.00 | 241.00 | OK |
Version: 0.1.10
Check: package dependencies
Result: ERROR
Packages required but not available: 'org.Hs.eg.db', 'org.Mm.eg.db'
See section ‘The DESCRIPTION file’ in the ‘Writing R Extensions’
manual.
Flavor: r-release-macos-arm64
Version: 0.1.10
Check: package dependencies
Result: ERROR
Package required but not available: ‘org.Mm.eg.db’
See section ‘The DESCRIPTION file’ in the ‘Writing R Extensions’
manual.
Flavors: r-release-macos-x86_64, r-oldrel-macos-arm64