CRAN Package Check Results for Package contribution

Last updated on 2020-07-03 03:47:04 CEST.

Flavor Version Tinstall Tcheck Ttotal Status Flags
r-devel-linux-x86_64-debian-clang 0.1.0 4.48 38.99 43.47 OK
r-devel-linux-x86_64-debian-gcc 0.1.0 3.82 30.65 34.47 OK
r-devel-linux-x86_64-fedora-clang 0.1.0 60.03 NOTE
r-devel-linux-x86_64-fedora-gcc 0.1.0 51.76 NOTE
r-devel-windows-ix86+x86_64 0.1.0 23.00 72.00 95.00 OK
r-patched-linux-x86_64 0.1.0 4.22 38.32 42.54 OK
r-patched-solaris-x86 0.1.0 77.80 NOTE
r-release-linux-x86_64 0.1.0 4.14 38.37 42.51 OK
r-release-osx-x86_64 0.1.0 NOTE
r-release-windows-ix86+x86_64 0.1.0 14.00 53.00 67.00 OK
r-oldrel-osx-x86_64 0.1.0 NOTE
r-oldrel-windows-ix86+x86_64 0.1.0 23.00 93.00 116.00 OK

Check Details

Version: 0.1.0
Check: data for non-ASCII characters
Result: NOTE
     Note: found 3 marked UTF-8 strings
Flavors: r-devel-linux-x86_64-fedora-clang, r-devel-linux-x86_64-fedora-gcc, r-patched-solaris-x86, r-release-osx-x86_64, r-oldrel-osx-x86_64