Last updated on 2023-03-22 21:57:56 CET.
Flavor | Version | Tinstall | Tcheck | Ttotal | Status | Flags |
---|---|---|---|---|---|---|
r-devel-linux-x86_64-debian-clang | 1.0.5 | 34.66 | 34.34 | 69.00 | NOTE | |
r-devel-linux-x86_64-debian-gcc | 1.0.5 | 27.48 | 26.94 | 54.42 | NOTE | |
r-devel-linux-x86_64-fedora-clang | 1.0.5 | 109.92 | NOTE | |||
r-devel-linux-x86_64-fedora-gcc | 1.0.5 | 90.28 | NOTE | |||
r-devel-windows-x86_64 | 1.0.5 | 42.00 | 86.00 | 128.00 | NOTE | |
r-patched-linux-x86_64 | 1.0.5 | 28.99 | 34.24 | 63.23 | OK | |
r-release-linux-x86_64 | 1.0.5 | 31.54 | 35.08 | 66.62 | OK | |
r-release-macos-arm64 | 1.0.5 | 32.00 | OK | |||
r-release-macos-x86_64 | 1.0.5 | 40.00 | OK | |||
r-release-windows-x86_64 | 1.0.5 | 46.00 | 85.00 | 131.00 | OK | |
r-oldrel-macos-arm64 | 1.0.5 | 33.00 | OK | |||
r-oldrel-macos-x86_64 | 1.0.5 | 57.00 | OK | |||
r-oldrel-windows-ix86+x86_64 | 1.0.5 | 92.00 | 94.00 | 186.00 | OK |
Version: 1.0.5
Check: C++ specification
Result: NOTE
Specified C++11: please drop specification unless essential
Flavors: r-devel-linux-x86_64-debian-clang, r-devel-linux-x86_64-debian-gcc, r-devel-linux-x86_64-fedora-clang, r-devel-linux-x86_64-fedora-gcc, r-devel-windows-x86_64
Version: 1.0.5
Check: compiled code
Result: NOTE
File ‘contoureR/libs/contoureR.so’:
Found no calls to: ‘R_registerRoutines’, ‘R_useDynamicSymbols’
It is good practice to register native routines and to disable symbol
search.
See ‘Writing portable packages’ in the ‘Writing R Extensions’ manual.
Flavors: r-devel-linux-x86_64-fedora-clang, r-devel-linux-x86_64-fedora-gcc