CRAN Package Check Results for Package contourPlot

Last updated on 2023-12-11 06:48:17 CET.

Flavor Version Tinstall Tcheck Ttotal Status Flags
r-devel-linux-x86_64-debian-clang 0.2.0 3.07 29.14 32.21 NOTE
r-devel-linux-x86_64-debian-gcc 0.2.0 2.20 23.09 25.29 NOTE
r-devel-linux-x86_64-fedora-clang 0.2.0 40.46 NOTE
r-devel-linux-x86_64-fedora-gcc 0.2.0 38.63 NOTE
r-devel-windows-x86_64 0.2.0 3.00 45.00 48.00 NOTE
r-patched-linux-x86_64 0.2.0 2.49 29.18 31.67 NOTE
r-release-linux-x86_64 0.2.0 3.08 29.30 32.38 NOTE
r-release-macos-arm64 0.2.0 21.00 NOTE
r-release-macos-x86_64 0.2.0 23.00 NOTE
r-release-windows-x86_64 0.2.0 4.00 46.00 50.00 NOTE
r-oldrel-macos-arm64 0.2.0 21.00 NOTE
r-oldrel-macos-x86_64 0.2.0 26.00 NOTE
r-oldrel-windows-x86_64 0.2.0 4.00 51.00 55.00 NOTE

Check Details

Version: 0.2.0
Check: LazyData
Result: NOTE 'LazyData' is specified without a 'data' directory Flavors: r-devel-linux-x86_64-debian-clang, r-devel-linux-x86_64-debian-gcc, r-devel-linux-x86_64-fedora-clang, r-devel-linux-x86_64-fedora-gcc, r-devel-windows-x86_64, r-patched-linux-x86_64, r-release-linux-x86_64, r-release-macos-arm64, r-release-macos-x86_64, r-release-windows-x86_64, r-oldrel-macos-arm64, r-oldrel-macos-x86_64, r-oldrel-windows-x86_64