Last updated on 2024-03-28 12:50:30 CET.
Flavor | Version | Tinstall | Tcheck | Ttotal | Status | Flags |
---|---|---|---|---|---|---|
r-devel-linux-x86_64-debian-clang | 1.2.1 | 4.01 | 82.05 | 86.06 | OK | |
r-devel-linux-x86_64-debian-gcc | 1.2.1 | 3.21 | 60.65 | 63.86 | OK | |
r-devel-linux-x86_64-fedora-clang | 1.2.1 | 103.95 | NOTE | |||
r-devel-linux-x86_64-fedora-gcc | 1.2.1 | 116.41 | OK | |||
r-devel-windows-x86_64 | 1.2.1 | 5.00 | 75.00 | 80.00 | OK | |
r-patched-linux-x86_64 | 1.2.1 | 3.16 | 80.54 | 83.70 | OK | |
r-release-linux-x86_64 | 1.2.1 | 3.17 | 326.35 | 329.52 | OK | |
r-release-macos-arm64 | 1.2.1 | 102.00 | OK | |||
r-release-macos-x86_64 | 1.2.1 | 357.00 | OK | |||
r-release-windows-x86_64 | 1.2.1 | 4.00 | 86.00 | 90.00 | OK | |
r-oldrel-macos-arm64 | 1.2.1 | 135.00 | OK | |||
r-oldrel-windows-x86_64 | 1.2.1 | 7.00 | 89.00 | 96.00 | OK |
Version: 1.2.1
Check: Rd cross-references
Result: NOTE
Undeclared package ‘ggplot2’ in Rd xrefs
Flavor: r-devel-linux-x86_64-fedora-clang