CRAN Package Check Results for Package conos

Last updated on 2021-11-28 12:53:01 CET.

Flavor Version Tinstall Tcheck Ttotal Status Flags
r-devel-linux-x86_64-debian-clang 1.4.4 NOTE
r-devel-linux-x86_64-debian-gcc 1.4.4 147.94 174.13 322.07 NOTE
r-devel-windows-x86_64-new-UL 1.4.4 275.00 347.00 622.00 NOTE
r-devel-windows-x86_64-new-TK 1.4.4 NOTE
r-devel-windows-x86_64-old 1.4.4 242.00 278.00 520.00 NOTE
r-patched-linux-x86_64 1.4.4 173.97 216.44 390.41 NOTE
r-release-linux-x86_64 1.4.4 174.94 219.96 394.90 NOTE
r-release-macos-arm64 1.4.4 ERROR
r-release-macos-x86_64 1.4.4 NOTE
r-release-windows-ix86+x86_64 1.4.4 504.00 372.00 876.00 NOTE
r-oldrel-macos-x86_64 1.4.4 NOTE
r-oldrel-windows-ix86+x86_64 1.4.4 505.00 382.00 887.00 WARN

Check Details

Version: 1.4.4
Check: package dependencies
Result: NOTE
    Packages suggested but not available for checking: 'conosPanel', 'p2data'
Flavors: r-devel-linux-x86_64-debian-clang, r-devel-linux-x86_64-debian-gcc, r-devel-windows-x86_64-new-UL, r-devel-windows-x86_64-new-TK, r-patched-linux-x86_64, r-release-linux-x86_64, r-release-macos-x86_64, r-release-windows-ix86+x86_64, r-oldrel-macos-x86_64, r-oldrel-windows-ix86+x86_64

Version: 1.4.4
Check: package dependencies
Result: NOTE
    Package suggested but not available for checking: 'conosPanel'
Flavor: r-devel-windows-x86_64-old

Version: 1.4.4
Check: package dependencies
Result: ERROR
    Package required but not available: ‘N2R’
    
    Packages suggested but not available for checking:
     'conosPanel', 'p2data', 'pagoda2'
    
    See section ‘The DESCRIPTION file’ in the ‘Writing R Extensions’
    manual.
Flavor: r-release-macos-arm64

Version: 1.4.4
Check: installed package size
Result: NOTE
     installed size is 11.4Mb
     sub-directories of 1Mb or more:
     libs 9.6Mb
Flavors: r-release-macos-x86_64, r-oldrel-macos-x86_64

Version: 1.4.4
Check: whether package can be installed
Result: WARN
    Found the following significant warnings:
     Warning: namespace 'pagoda2' is not available and has been replaced
Flavor: r-oldrel-windows-ix86+x86_64