CRAN Package Check Results for Package conogive

Last updated on 2022-05-27 12:53:11 CEST.

Flavor Version Tinstall Tcheck Ttotal Status Flags
r-devel-linux-x86_64-debian-clang 1.0.0 2.56 39.70 42.26 NOTE
r-devel-linux-x86_64-debian-gcc 1.0.0 1.95 29.88 31.83 NOTE
r-devel-linux-x86_64-fedora-clang 1.0.0 50.82 NOTE
r-devel-linux-x86_64-fedora-gcc 1.0.0 49.25 NOTE
r-devel-windows-x86_64 1.0.0 14.00 55.00 69.00 NOTE
r-patched-linux-x86_64 1.0.0 2.27 38.47 40.74 NOTE
r-release-linux-x86_64 1.0.0 1.87 38.48 40.35 NOTE
r-release-macos-arm64 1.0.0 17.00 NOTE
r-release-macos-x86_64 1.0.0 25.00 NOTE
r-release-windows-x86_64 1.0.0 23.00 54.00 77.00 NOTE
r-oldrel-macos-arm64 1.0.0 25.00 NOTE
r-oldrel-macos-x86_64 1.0.0 33.00 NOTE
r-oldrel-windows-ix86+x86_64 1.0.0 6.00 46.00 52.00 NOTE

Check Details

Version: 1.0.0
Check: LazyData
Result: NOTE
     'LazyData' is specified without a 'data' directory
Flavors: r-devel-linux-x86_64-debian-clang, r-devel-linux-x86_64-debian-gcc, r-devel-linux-x86_64-fedora-clang, r-devel-linux-x86_64-fedora-gcc, r-devel-windows-x86_64, r-patched-linux-x86_64, r-release-linux-x86_64, r-release-macos-arm64, r-release-macos-x86_64, r-release-windows-x86_64, r-oldrel-macos-arm64, r-oldrel-macos-x86_64, r-oldrel-windows-ix86+x86_64