Last updated on 2024-03-29 12:54:02 CET.
Flavor | Version | Tinstall | Tcheck | Ttotal | Status | Flags |
---|---|---|---|---|---|---|
r-devel-linux-x86_64-debian-clang | 0.1.0 | 2.95 | 38.48 | 41.43 | OK | |
r-devel-linux-x86_64-debian-gcc | 0.1.0 | 2.86 | 29.08 | 31.94 | OK | |
r-devel-linux-x86_64-fedora-clang | 0.1.0 | 56.66 | NOTE | |||
r-devel-linux-x86_64-fedora-gcc | 0.1.0 | 56.27 | NOTE | |||
r-devel-windows-x86_64 | 0.1.0 | 5.00 | 54.00 | 59.00 | OK | |
r-patched-linux-x86_64 | 0.1.0 | 2.83 | 36.56 | 39.39 | OK | |
r-release-linux-x86_64 | 0.1.0 | 2.73 | 37.12 | 39.85 | OK | |
r-release-macos-arm64 | 0.1.0 | 22.00 | OK | |||
r-release-macos-x86_64 | 0.1.0 | 28.00 | OK | |||
r-release-windows-x86_64 | 0.1.0 | 7.00 | 54.00 | 61.00 | OK | |
r-oldrel-macos-arm64 | 0.1.0 | 21.00 | NOTE | |||
r-oldrel-windows-x86_64 | 0.1.0 | 7.00 | 66.00 | 73.00 | OK |
Version: 0.1.0
Check: dependencies in R code
Result: NOTE
Namespaces in Imports field not imported from:
‘DT’ ‘Hmisc’ ‘dplyr’ ‘foreign’ ‘lavaan’ ‘openxlsx’ ‘purrr’ ‘semTools’
‘shinyWidgets’ ‘stringr’ ‘summarytools’ ‘waiter’
All declared Imports should be used.
Flavors: r-devel-linux-x86_64-fedora-clang, r-devel-linux-x86_64-fedora-gcc, r-oldrel-macos-arm64