CRAN Package Check Results for Package conflr

Last updated on 2024-06-13 21:49:09 CEST.

Flavor Version Tinstall Tcheck Ttotal Status Flags
r-devel-linux-x86_64-debian-clang 0.1.1 4.63 36.03 40.66 NOTE
r-devel-linux-x86_64-debian-gcc 0.1.1 0.39 1.74 2.13 ERROR
r-devel-linux-x86_64-fedora-clang 0.1.1 51.19 NOTE
r-devel-linux-x86_64-fedora-gcc 0.1.1 75.51 NOTE
r-devel-windows-x86_64 0.1.1 6.00 57.00 63.00 NOTE
r-patched-linux-x86_64 0.1.1 5.15 35.58 40.73 NOTE
r-release-linux-x86_64 0.1.1 3.45 34.28 37.73 NOTE
r-release-macos-arm64 0.1.1 44.00 NOTE
r-release-macos-x86_64 0.1.1 75.00 NOTE
r-release-windows-x86_64 0.1.1 5.00 57.00 62.00 NOTE
r-oldrel-macos-arm64 0.1.1 48.00 NOTE
r-oldrel-macos-x86_64 0.1.1 52.00 NOTE
r-oldrel-windows-x86_64 0.1.1 7.00 59.00 66.00 NOTE

Check Details

Version: 0.1.1
Check: LazyData
Result: NOTE 'LazyData' is specified without a 'data' directory Flavors: r-devel-linux-x86_64-debian-clang, r-devel-linux-x86_64-fedora-clang, r-devel-linux-x86_64-fedora-gcc, r-devel-windows-x86_64, r-patched-linux-x86_64, r-release-linux-x86_64, r-release-macos-arm64, r-release-macos-x86_64, r-release-windows-x86_64, r-oldrel-macos-arm64, r-oldrel-macos-x86_64, r-oldrel-windows-x86_64

Version: 0.1.1
Check: package dependencies
Result: ERROR Package required but not available: ‘purrr’ Packages suggested but not available for checking: 'mockery', 'testthat' See section ‘The DESCRIPTION file’ in the ‘Writing R Extensions’ manual. Flavor: r-devel-linux-x86_64-debian-gcc

Version: 0.1.1
Check: dependencies in R code
Result: NOTE Namespace in Imports field not imported from: ‘R6’ All declared Imports should be used. Flavors: r-devel-linux-x86_64-fedora-clang, r-devel-linux-x86_64-fedora-gcc