CRAN Package Check Results for Package cond

Last updated on 2024-06-17 03:49:47 CEST.

Flavor Version Tinstall Tcheck Ttotal Status Flags
r-devel-linux-x86_64-debian-clang 1.2-3.1 8.36 90.57 98.93 NOTE
r-devel-linux-x86_64-debian-gcc 1.2-3.1 7.16 67.07 74.23 NOTE
r-devel-linux-x86_64-fedora-clang 1.2-3.1 122.72 NOTE
r-devel-linux-x86_64-fedora-gcc 1.2-3.1 130.73 NOTE
r-devel-windows-x86_64 1.2-3.1 8.00 97.00 105.00 NOTE
r-patched-linux-x86_64 1.2-3.1 10.93 85.65 96.58 NOTE
r-release-linux-x86_64 1.2-3.1 9.64 88.00 97.64 NOTE
r-release-macos-arm64 1.2-3.1 42.00 NOTE
r-release-macos-x86_64 1.2-3.1 63.00 NOTE
r-release-windows-x86_64 1.2-3.1 9.00 96.00 105.00 NOTE
r-oldrel-macos-arm64 1.2-3.1 47.00 NOTE
r-oldrel-macos-x86_64 1.2-3.1 79.00 NOTE
r-oldrel-windows-x86_64 1.2-3.1 11.00 106.00 117.00 NOTE

Check Details

Version: 1.2-3.1
Check: Rd files
Result: NOTE checkRd: (-1) babies.Rd:35: Escaped LaTeX specials: \& Flavors: r-devel-linux-x86_64-debian-clang, r-devel-linux-x86_64-debian-gcc, r-devel-linux-x86_64-fedora-clang, r-devel-linux-x86_64-fedora-gcc, r-devel-windows-x86_64, r-patched-linux-x86_64, r-release-linux-x86_64, r-release-macos-arm64, r-release-macos-x86_64, r-release-windows-x86_64, r-oldrel-macos-arm64, r-oldrel-macos-x86_64, r-oldrel-windows-x86_64