Last updated on 2023-12-08 20:55:05 CET.
Flavor | Version | Tinstall | Tcheck | Ttotal | Status | Flags |
---|---|---|---|---|---|---|
r-devel-linux-x86_64-debian-clang | 1.2-3.1 | 10.64 | 88.72 | 99.36 | NOTE | |
r-devel-linux-x86_64-debian-gcc | 1.2-3.1 | 7.04 | 67.96 | 75.00 | NOTE | |
r-devel-linux-x86_64-fedora-clang | 1.2-3.1 | 123.66 | NOTE | |||
r-devel-linux-x86_64-fedora-gcc | 1.2-3.1 | 132.61 | NOTE | |||
r-devel-windows-x86_64 | 1.2-3.1 | 8.00 | 98.00 | 106.00 | NOTE | |
r-patched-linux-x86_64 | 1.2-3.1 | 8.62 | 88.33 | 96.95 | NOTE | |
r-release-linux-x86_64 | 1.2-3.1 | 8.21 | 87.13 | 95.34 | NOTE | |
r-release-macos-arm64 | 1.2-3.1 | 47.00 | NOTE | |||
r-release-macos-x86_64 | 1.2-3.1 | 79.00 | NOTE | |||
r-release-windows-x86_64 | 1.2-3.1 | 11.00 | 105.00 | 116.00 | NOTE | |
r-oldrel-macos-arm64 | 1.2-3.1 | 42.00 | OK | |||
r-oldrel-macos-x86_64 | 1.2-3.1 | 55.00 | OK | |||
r-oldrel-windows-x86_64 | 1.2-3.1 | 11.00 | 107.00 | 118.00 | OK |
Version: 1.2-3.1
Check: Rd files
Result: NOTE
checkRd: (-1) babies.Rd:35: Escaped LaTeX specials: \&
Flavors: r-devel-linux-x86_64-debian-clang, r-devel-linux-x86_64-debian-gcc, r-devel-linux-x86_64-fedora-clang, r-devel-linux-x86_64-fedora-gcc, r-devel-windows-x86_64, r-patched-linux-x86_64, r-release-linux-x86_64, r-release-macos-arm64, r-release-macos-x86_64, r-release-windows-x86_64