Last updated on 2022-05-20 12:53:21 CEST.
Flavor | Version | Tinstall | Tcheck | Ttotal | Status | Flags |
---|---|---|---|---|---|---|
r-devel-linux-x86_64-debian-clang | 1.0.4 | 447.32 | 153.04 | 600.36 | NOTE | |
r-devel-linux-x86_64-debian-gcc | 1.0.4 | 402.98 | 128.01 | 530.99 | NOTE | |
r-devel-linux-x86_64-fedora-clang | 1.0.4 | 841.13 | NOTE | |||
r-devel-windows-x86_64 | 1.0.4 | 311.00 | 218.00 | 529.00 | NOTE | |
r-patched-linux-x86_64 | 1.0.4 | 339.45 | 168.81 | 508.26 | NOTE | |
r-release-linux-x86_64 | 1.0.4 | 324.09 | 167.14 | 491.23 | NOTE | |
r-release-macos-arm64 | 1.0.4 | 223.00 | NOTE | |||
r-release-macos-x86_64 | 1.0.4 | 429.00 | NOTE | |||
r-release-windows-x86_64 | 1.0.4 | 308.00 | 222.00 | 530.00 | NOTE | |
r-oldrel-macos-arm64 | 1.0.4 | 239.00 | NOTE | |||
r-oldrel-macos-x86_64 | 1.0.4 | 424.00 | NOTE | |||
r-oldrel-windows-ix86+x86_64 | 1.0.4 | 384.00 | 8.00 | 392.00 | ERROR |
Version: 1.0.4
Check: for GNU extensions in Makefiles
Result: NOTE
GNU make is a SystemRequirements.
Flavors: r-devel-linux-x86_64-debian-clang, r-devel-linux-x86_64-debian-gcc, r-devel-linux-x86_64-fedora-clang, r-devel-windows-x86_64, r-patched-linux-x86_64, r-release-linux-x86_64, r-release-macos-arm64, r-release-macos-x86_64, r-release-windows-x86_64, r-oldrel-macos-arm64, r-oldrel-macos-x86_64
Version: 1.0.4
Check: installed package size
Result: NOTE
installed size is 50.5Mb
sub-directories of 1Mb or more:
libs 49.2Mb
Flavors: r-devel-linux-x86_64-fedora-clang, r-devel-windows-x86_64, r-release-macos-arm64, r-release-macos-x86_64, r-release-windows-x86_64, r-oldrel-macos-arm64, r-oldrel-macos-x86_64
Version: 1.0.4
Check: whether package can be installed
Result: ERROR
Installation failed.
Flavor: r-oldrel-windows-ix86+x86_64