CRAN Package Check Results for Package comprehenr

Last updated on 2024-03-01 03:56:27 CET.

Flavor Version Tinstall Tcheck Ttotal Status Flags
r-devel-linux-x86_64-debian-clang 0.6.10 2.30 26.24 28.54 NOTE
r-devel-linux-x86_64-debian-gcc 0.6.10 1.52 20.07 21.59 NOTE
r-devel-linux-x86_64-fedora-clang 0.6.10 35.71 NOTE
r-devel-linux-x86_64-fedora-gcc 0.6.10 45.43 NOTE
r-devel-windows-x86_64 0.6.10 2.00 43.00 45.00 NOTE
r-patched-linux-x86_64 0.6.10 1.63 25.00 26.63 NOTE
r-release-linux-x86_64 0.6.10 1.89 25.03 26.92 NOTE
r-release-macos-arm64 0.6.10 23.00 NOTE
r-release-macos-x86_64 0.6.10 29.00 NOTE
r-release-windows-x86_64 0.6.10 3.00 44.00 47.00 NOTE
r-oldrel-macos-arm64 0.6.10 17.00 NOTE
r-oldrel-windows-x86_64 0.6.10 4.00 47.00 51.00 NOTE

Check Details

Version: 0.6.10
Check: LazyData
Result: NOTE 'LazyData' is specified without a 'data' directory Flavors: r-devel-linux-x86_64-debian-clang, r-devel-linux-x86_64-debian-gcc, r-devel-linux-x86_64-fedora-clang, r-devel-linux-x86_64-fedora-gcc, r-devel-windows-x86_64, r-patched-linux-x86_64, r-release-linux-x86_64, r-release-macos-arm64, r-release-macos-x86_64, r-release-windows-x86_64, r-oldrel-macos-arm64, r-oldrel-windows-x86_64