Last updated on 2024-04-24 21:54:42 CEST.
Flavor | Version | Tinstall | Tcheck | Ttotal | Status | Flags |
---|---|---|---|---|---|---|
r-devel-linux-x86_64-debian-clang | 1.1.0 | 9.10 | 55.37 | 64.47 | OK | |
r-devel-linux-x86_64-debian-gcc | 1.1.0 | 8.82 | 42.87 | 51.69 | OK | |
r-devel-linux-x86_64-fedora-clang | 1.1.0 | 90.15 | OK | |||
r-devel-linux-x86_64-fedora-gcc | 1.1.0 | 109.17 | OK | |||
r-devel-windows-x86_64 | 1.1.0 | 15.00 | 67.00 | 82.00 | OK | |
r-patched-linux-x86_64 | 1.1.0 | 11.36 | 51.92 | 63.28 | OK | |
r-release-linux-x86_64 | 1.1.0 | 12.10 | 51.56 | 63.66 | OK | |
r-release-macos-arm64 | 1.1.0 | 41.00 | NOTE | |||
r-release-windows-x86_64 | 1.1.0 | 15.00 | 65.00 | 80.00 | OK | |
r-oldrel-macos-arm64 | 1.1.0 | 35.00 | NOTE | |||
r-oldrel-macos-x86_64 | 1.1.0 | 63.00 | OK | |||
r-oldrel-windows-x86_64 | 1.1.0 | 20.00 | 74.00 | 94.00 | OK |
Version: 1.1.0
Check: installed package size
Result: NOTE
installed size is 5.2Mb
sub-directories of 1Mb or more:
data 4.9Mb
Flavors: r-release-macos-arm64, r-oldrel-macos-arm64