CRAN Package Check Results for Package compindexR

Last updated on 2024-06-12 21:49:40 CEST.

Flavor Version Tinstall Tcheck Ttotal Status Flags
r-devel-linux-x86_64-debian-clang 0.1.3 5.55 45.44 50.99 OK
r-devel-linux-x86_64-debian-gcc 0.1.3 0.36 1.76 2.12 ERROR
r-devel-linux-x86_64-fedora-clang 0.1.3 65.62 OK
r-devel-linux-x86_64-fedora-gcc 0.1.3 60.93 OK
r-devel-windows-x86_64 0.1.3 6.00 59.00 65.00 OK
r-patched-linux-x86_64 0.1.3 5.85 43.45 49.30 OK
r-release-linux-x86_64 0.1.3 5.98 43.63 49.61 OK
r-release-macos-arm64 0.1.3 23.00 OK
r-release-macos-x86_64 0.1.3 33.00 OK
r-release-windows-x86_64 0.1.3 6.00 60.00 66.00 OK
r-oldrel-macos-arm64 0.1.3 27.00 OK
r-oldrel-macos-x86_64 0.1.3 66.00 OK
r-oldrel-windows-x86_64 0.1.3 8.00 73.00 81.00 OK

Check Details

Version: 0.1.3
Check: package dependencies
Result: ERROR Packages required but not available: 'car', 'dplyr' See section ‘The DESCRIPTION file’ in the ‘Writing R Extensions’ manual. Flavor: r-devel-linux-x86_64-debian-gcc