Last updated on 2021-02-26 21:48:58 CET.
Flavor | Version | Tinstall | Tcheck | Ttotal | Status | Flags |
---|---|---|---|---|---|---|
r-devel-linux-x86_64-debian-clang | 1.2 | 3.25 | 28.55 | 31.80 | NOTE | |
r-devel-linux-x86_64-debian-gcc | 1.2 | 2.41 | 22.14 | 24.55 | NOTE | |
r-devel-linux-x86_64-fedora-clang | 1.2 | 47.21 | NOTE | |||
r-devel-linux-x86_64-fedora-gcc | 1.2 | 37.17 | NOTE | |||
r-devel-windows-ix86+x86_64 | 1.2 | 7.00 | 36.00 | 43.00 | NOTE | |
r-patched-linux-x86_64 | 1.2 | 3.03 | 27.02 | 30.05 | NOTE | |
r-patched-solaris-x86 | 1.2 | 60.30 | NOTE | |||
r-release-linux-x86_64 | 1.2 | 2.48 | 27.00 | 29.48 | NOTE | |
r-release-macos-x86_64 | 1.2 | NOTE | ||||
r-release-windows-ix86+x86_64 | 1.2 | 7.00 | 35.00 | 42.00 | NOTE | |
r-oldrel-macos-x86_64 | 1.2 | NOTE | ||||
r-oldrel-windows-ix86+x86_64 | 1.2 | 4.00 | 35.00 | 39.00 | NOTE |
Version: 1.2
Check: DESCRIPTION meta-information
Result: NOTE
Malformed Description field: should contain one or more complete sentences.
Flavors: r-devel-linux-x86_64-debian-clang, r-devel-linux-x86_64-debian-gcc, r-devel-linux-x86_64-fedora-clang, r-devel-linux-x86_64-fedora-gcc, r-devel-windows-ix86+x86_64, r-patched-linux-x86_64, r-patched-solaris-x86, r-release-linux-x86_64, r-release-macos-x86_64, r-release-windows-ix86+x86_64, r-oldrel-macos-x86_64, r-oldrel-windows-ix86+x86_64
Version: 1.2
Check: dependencies in R code
Result: NOTE
'library' or 'require' call to 'XML' which was already attached by Depends.
Please remove these calls from your code.
Package in Depends field not imported from: 'XML'
These packages need to be imported from (in the NAMESPACE file)
for when this namespace is loaded but not attached.
Flavors: r-devel-linux-x86_64-debian-clang, r-devel-linux-x86_64-debian-gcc, r-devel-linux-x86_64-fedora-clang, r-devel-linux-x86_64-fedora-gcc, r-devel-windows-ix86+x86_64, r-patched-linux-x86_64, r-patched-solaris-x86, r-release-linux-x86_64, r-release-macos-x86_64, r-release-windows-ix86+x86_64, r-oldrel-macos-x86_64, r-oldrel-windows-ix86+x86_64
Version: 1.2
Check: R code for possible problems
Result: NOTE
compareODM: no visible global function definition for 'xmlRoot'
compareODM: no visible global function definition for 'xmlTreeParse'
compareODM: no visible global function definition for 'xmlChildren'
compareODM: no visible global function definition for 'xmlAttrs'
compareODM: no visible global function definition for 'xmlValue'
Undefined global functions or variables:
xmlAttrs xmlChildren xmlRoot xmlTreeParse xmlValue
Flavors: r-devel-linux-x86_64-debian-clang, r-devel-linux-x86_64-debian-gcc, r-devel-linux-x86_64-fedora-clang, r-devel-linux-x86_64-fedora-gcc, r-devel-windows-ix86+x86_64, r-patched-linux-x86_64, r-patched-solaris-x86, r-release-linux-x86_64, r-release-macos-x86_64, r-release-windows-ix86+x86_64, r-oldrel-macos-x86_64, r-oldrel-windows-ix86+x86_64