Last updated on 2023-09-23 05:57:53 CEST.
Flavor | Version | Tinstall | Tcheck | Ttotal | Status | Flags |
---|---|---|---|---|---|---|
r-devel-linux-x86_64-debian-clang | 0.5.0 | 10.15 | 189.83 | 199.98 | OK | |
r-devel-linux-x86_64-debian-gcc | 0.5.0 | 7.90 | 140.86 | 148.76 | OK | |
r-devel-linux-x86_64-fedora-clang | 0.5.0 | 245.85 | OK | |||
r-devel-linux-x86_64-fedora-gcc | 0.5.0 | 244.85 | OK | |||
r-devel-windows-x86_64 | 0.5.0 | 11.00 | 167.00 | 178.00 | OK | |
r-patched-linux-x86_64 | 0.5.0 | 11.09 | 184.80 | 195.89 | OK | |
r-release-linux-x86_64 | 0.5.0 | 10.65 | 189.38 | 200.03 | OK | |
r-release-macos-arm64 | 0.5.0 | 66.00 | OK | |||
r-release-macos-x86_64 | 0.5.0 | 103.00 | NOTE | |||
r-release-windows-x86_64 | 0.5.0 | 13.00 | 198.00 | 211.00 | OK | |
r-oldrel-macos-arm64 | 0.5.0 | 70.00 | OK | |||
r-oldrel-macos-x86_64 | 0.5.0 | 79.00 | OK | |||
r-oldrel-windows-x86_64 | 0.5.0 | 13.00 | 185.00 | 198.00 | OK |
Version: 0.5.0
Check: package dependencies
Result: NOTE
Package suggested but not available for checking: ‘rstan’
Flavor: r-release-macos-x86_64