Last updated on 2025-02-22 12:50:17 CET.
Flavor | Version | Tinstall | Tcheck | Ttotal | Status | Flags |
---|---|---|---|---|---|---|
r-devel-linux-x86_64-debian-clang | 0.6.0 | 10.52 | 217.10 | 227.62 | NOTE | |
r-devel-linux-x86_64-debian-gcc | 0.6.0 | 7.84 | 158.35 | 166.19 | NOTE | |
r-devel-linux-x86_64-fedora-clang | 0.6.0 | 395.25 | NOTE | |||
r-devel-linux-x86_64-fedora-gcc | 0.6.0 | 380.97 | NOTE | |||
r-devel-macos-arm64 | 0.6.0 | 104.00 | OK | |||
r-devel-macos-x86_64 | 0.6.0 | 202.00 | NOTE | |||
r-devel-windows-x86_64 | 0.6.0 | 11.00 | 215.00 | 226.00 | NOTE | |
r-patched-linux-x86_64 | 0.6.0 | 10.50 | 206.97 | 217.47 | OK | |
r-release-linux-x86_64 | 0.6.0 | 9.60 | 206.71 | 216.31 | OK | |
r-release-macos-arm64 | 0.6.0 | 97.00 | OK | |||
r-release-macos-x86_64 | 0.6.0 | 164.00 | OK | |||
r-release-windows-x86_64 | 0.6.0 | 12.00 | 220.00 | 232.00 | OK | |
r-oldrel-macos-arm64 | 0.6.0 | 95.00 | OK | |||
r-oldrel-macos-x86_64 | 0.6.0 | 149.00 | OK | |||
r-oldrel-windows-x86_64 | 0.6.0 | 14.00 | 266.00 | 280.00 | OK |
Version: 0.6.0
Check: DESCRIPTION meta-information
Result: NOTE
Missing dependency on R >= 4.1.0 because package code uses the pipe
|> or function shorthand \(...) syntax added in R 4.1.0.
File(s) using such syntax:
‘compareMCMCs.R’ ‘metrics-addMetrics.R’
Flavors: r-devel-linux-x86_64-debian-clang, r-devel-linux-x86_64-debian-gcc, r-devel-linux-x86_64-fedora-clang, r-devel-linux-x86_64-fedora-gcc, r-devel-macos-x86_64, r-devel-windows-x86_64