Last updated on 2025-02-22 21:51:08 CET.
Flavor | Version | Tinstall | Tcheck | Ttotal | Status | Flags |
---|---|---|---|---|---|---|
r-devel-linux-x86_64-debian-clang | 0.1.2 | 23.42 | 35.24 | 58.66 | NOTE | |
r-devel-linux-x86_64-debian-gcc | 0.1.2 | 18.96 | 26.18 | 45.14 | NOTE | |
r-devel-linux-x86_64-fedora-clang | 0.1.2 | 101.17 | WARN | |||
r-devel-linux-x86_64-fedora-gcc | 0.1.2 | 101.01 | NOTE | |||
r-devel-macos-arm64 | 0.1.2 | 30.00 | NOTE | |||
r-devel-macos-x86_64 | 0.1.2 | 55.00 | NOTE | |||
r-devel-windows-x86_64 | 0.1.2 | 24.00 | 79.00 | 103.00 | NOTE | |
r-patched-linux-x86_64 | 0.1.2 | 26.57 | 33.06 | 59.63 | NOTE | |
r-release-linux-x86_64 | 0.1.2 | 25.58 | 33.23 | 58.81 | NOTE | |
r-release-macos-arm64 | 0.1.2 | 32.00 | NOTE | |||
r-release-macos-x86_64 | 0.1.2 | 44.00 | NOTE | |||
r-release-windows-x86_64 | 0.1.2 | 24.00 | 79.00 | 103.00 | NOTE | |
r-oldrel-macos-arm64 | 0.1.2 | 32.00 | NOTE | |||
r-oldrel-macos-x86_64 | 0.1.2 | 52.00 | NOTE | |||
r-oldrel-windows-x86_64 | 0.1.2 | 24.00 | 90.00 | 114.00 | NOTE |
Version: 0.1.2
Check: C++ specification
Result: NOTE
Specified C++11: please drop specification unless essential
Flavors: r-devel-linux-x86_64-debian-clang, r-devel-linux-x86_64-debian-gcc, r-devel-linux-x86_64-fedora-clang, r-devel-linux-x86_64-fedora-gcc, r-devel-macos-arm64, r-devel-macos-x86_64, r-devel-windows-x86_64, r-patched-linux-x86_64, r-release-linux-x86_64, r-release-macos-arm64, r-release-macos-x86_64, r-release-windows-x86_64, r-oldrel-macos-arm64, r-oldrel-macos-x86_64, r-oldrel-windows-x86_64
Version: 0.1.2
Check: whether package can be installed
Result: WARN
Found the following significant warnings:
./Jaro.h:7:32: warning: identifier '_sz' preceded by whitespace in a literal operator declaration is deprecated [-Wdeprecated-literal-operator]
See ‘/data/gannet/ripley/R/packages/tests-clang/comparator.Rcheck/00install.out’ for details.
* used C++ compiler: ‘clang version 20.1.0-rc2’
Flavor: r-devel-linux-x86_64-fedora-clang