CRAN Package Check Results for Package communication

Last updated on 2022-10-01 12:56:09 CEST.

Flavor Version Tinstall Tcheck Ttotal Status Flags
r-devel-linux-x86_64-debian-clang 0.1 67.47 64.60 132.07 OK
r-devel-linux-x86_64-debian-gcc 0.1 53.44 48.17 101.61 OK
r-devel-linux-x86_64-fedora-clang 0.1 197.61 NOTE
r-devel-linux-x86_64-fedora-gcc 0.1 180.58 NOTE
r-devel-windows-x86_64 0.1 195.00 112.00 307.00 OK
r-patched-linux-x86_64 0.1 57.21 62.08 119.29 OK
r-release-linux-x86_64 0.1 61.11 61.58 122.69 OK
r-release-macos-arm64 0.1 50.00 NOTE
r-release-macos-x86_64 0.1 98.00 NOTE
r-release-windows-x86_64 0.1 62.00 112.00 174.00 OK
r-oldrel-macos-arm64 0.1 52.00 NOTE
r-oldrel-macos-x86_64 0.1 81.00 NOTE
r-oldrel-windows-ix86+x86_64 0.1 178.00 118.00 296.00 OK

Check Details

Version: 0.1
Check: dependencies in R code
Result: NOTE
    Namespaces in Imports field not imported from:
     ‘GGally’ ‘RColorBrewer’ ‘abind’ ‘diagram’ ‘ggplot2’ ‘grid’ ‘gtable’
     ‘igraph’ ‘magrittr’ ‘plyr’ ‘purrr’ ‘reshape2’ ‘scales’ ‘useful’
     All declared Imports should be used.
Flavors: r-devel-linux-x86_64-fedora-clang, r-devel-linux-x86_64-fedora-gcc, r-release-macos-arm64, r-release-macos-x86_64, r-oldrel-macos-arm64, r-oldrel-macos-x86_64

Version: 0.1
Check: installed package size
Result: NOTE
     installed size is 5.2Mb
     sub-directories of 1Mb or more:
     libs 4.6Mb
Flavors: r-release-macos-arm64, r-release-macos-x86_64, r-oldrel-macos-arm64, r-oldrel-macos-x86_64