Last updated on 2024-04-19 11:56:41 CEST.
Flavor | Version | Tinstall | Tcheck | Ttotal | Status | Flags |
---|---|---|---|---|---|---|
r-devel-linux-x86_64-debian-clang | 0.1.4 | 2.17 | 21.50 | 23.67 | NOTE | |
r-devel-linux-x86_64-debian-gcc | 0.1.4 | NOTE | ||||
r-devel-linux-x86_64-fedora-clang | 0.1.4 | 30.70 | NOTE | |||
r-devel-linux-x86_64-fedora-gcc | 0.1.4 | 31.95 | NOTE | |||
r-prerel-macos-arm64 | 0.1.4 | 16.00 | NOTE | |||
r-prerel-windows-x86_64 | 0.1.4 | 4.00 | 39.00 | 43.00 | NOTE | |
r-patched-linux-x86_64 | 0.1.4 | 2.26 | 20.59 | 22.85 | NOTE | |
r-release-linux-x86_64 | 0.1.4 | 1.92 | 20.73 | 22.65 | NOTE | |
r-release-macos-arm64 | 0.1.4 | 15.00 | NOTE | |||
r-release-macos-x86_64 | 0.1.4 | 19.00 | NOTE | |||
r-release-windows-x86_64 | 0.1.4 | 4.00 | 37.00 | 41.00 | NOTE | |
r-oldrel-macos-arm64 | 0.1.4 | 15.00 | NOTE | |||
r-oldrel-windows-x86_64 | 0.1.4 | 4.00 | 43.00 | 47.00 | OK |
Version: 0.1.4
Check: package subdirectories
Result: NOTE
Problems with news in ‘NEWS.md’:
No news entries found.
Flavors: r-devel-linux-x86_64-debian-clang, r-devel-linux-x86_64-debian-gcc, r-devel-linux-x86_64-fedora-clang, r-devel-linux-x86_64-fedora-gcc, r-prerel-macos-arm64, r-prerel-windows-x86_64, r-patched-linux-x86_64, r-release-linux-x86_64, r-release-macos-arm64, r-release-macos-x86_64, r-release-windows-x86_64
Version: 0.1.4
Check: dependencies in R code
Result: NOTE
Namespaces in Imports field not imported from:
‘chi’ ‘dplyr’ ‘spatstat.utils’ ‘utils’
All declared Imports should be used.
Flavors: r-devel-linux-x86_64-fedora-clang, r-devel-linux-x86_64-fedora-gcc, r-oldrel-macos-arm64