CRAN Package Check Results for Package combinat

Last updated on 2021-12-07 03:53:38 CET.

Flavor Version Tinstall Tcheck Ttotal Status Flags
r-devel-linux-x86_64-debian-clang 0.0-8 2.16 29.21 31.37 NOTE
r-devel-linux-x86_64-debian-gcc 0.0-8 1.71 23.00 24.71 NOTE
r-devel-linux-x86_64-fedora-clang 0.0-8 39.95 NOTE
r-devel-linux-x86_64-fedora-gcc 0.0-8 29.49 NOTE
r-devel-windows-x86_64-new-UL 0.0-8 5.00 49.00 54.00 NOTE
r-devel-windows-x86_64-new-TK 0.0-8 NOTE
r-devel-windows-x86_64-old 0.0-8 4.00 33.00 37.00 NOTE
r-patched-linux-x86_64 0.0-8 2.35 19.89 22.24 NOTE
r-release-linux-x86_64 0.0-8 2.26 27.92 30.18 NOTE
r-release-macos-arm64 0.0-8 NOTE
r-release-macos-x86_64 0.0-8 NOTE
r-release-windows-ix86+x86_64 0.0-8 4.00 25.00 29.00 NOTE
r-oldrel-macos-x86_64 0.0-8 NOTE
r-oldrel-windows-ix86+x86_64 0.0-8 4.00 24.00 28.00 NOTE

Check Details

Version: 0.0-8
Check: DESCRIPTION meta-information
Result: NOTE
    Malformed Description field: should contain one or more complete sentences.
Flavors: r-devel-linux-x86_64-debian-clang, r-devel-linux-x86_64-debian-gcc, r-devel-linux-x86_64-fedora-clang, r-devel-linux-x86_64-fedora-gcc, r-devel-windows-x86_64-new-UL, r-devel-windows-x86_64-new-TK, r-devel-windows-x86_64-old, r-patched-linux-x86_64, r-release-linux-x86_64, r-release-macos-arm64, r-release-macos-x86_64, r-release-windows-ix86+x86_64, r-oldrel-macos-x86_64, r-oldrel-windows-ix86+x86_64