Last updated on 2024-04-18 11:50:57 CEST.
Flavor | Version | Tinstall | Tcheck | Ttotal | Status | Flags |
---|---|---|---|---|---|---|
r-devel-linux-x86_64-debian-clang | 0.3.9 | 103.94 | 40.11 | 144.05 | NOTE | |
r-devel-linux-x86_64-debian-gcc | 0.3.9 | 78.08 | 30.59 | 108.67 | NOTE | |
r-devel-linux-x86_64-fedora-clang | 0.3.9 | 203.86 | NOTE | |||
r-devel-linux-x86_64-fedora-gcc | 0.3.9 | 220.17 | NOTE | |||
r-prerel-macos-arm64 | 0.3.9 | 41.00 | NOTE | |||
r-prerel-windows-x86_64 | 0.3.9 | 78.00 | 81.00 | 159.00 | NOTE | |
r-patched-linux-x86_64 | 0.3.9 | 96.75 | 38.09 | 134.84 | NOTE | |
r-release-linux-x86_64 | 0.3.9 | 92.56 | 38.82 | 131.38 | OK | |
r-release-macos-arm64 | 0.3.9 | 51.00 | NOTE | |||
r-release-macos-x86_64 | 0.3.9 | 140.00 | NOTE | |||
r-release-windows-x86_64 | 0.3.9 | 79.00 | 92.00 | 171.00 | OK | |
r-oldrel-macos-arm64 | 0.3.9 | 50.00 | NOTE | |||
r-oldrel-windows-x86_64 | 0.3.9 | 103.00 | 86.00 | 189.00 | OK |
Version: 0.3.9
Check: Rd files
Result: NOTE
checkRd: (-1) colour_values.Rd:143: Lost braces in \itemize; meant \describe ?
checkRd: (-1) colour_values.Rd:144: Lost braces in \itemize; meant \describe ?
checkRd: (-1) colour_values_rgb.Rd:143: Lost braces in \itemize; meant \describe ?
checkRd: (-1) colour_values_rgb.Rd:144: Lost braces in \itemize; meant \describe ?
Flavors: r-devel-linux-x86_64-debian-clang, r-devel-linux-x86_64-debian-gcc, r-devel-linux-x86_64-fedora-clang, r-devel-linux-x86_64-fedora-gcc, r-prerel-macos-arm64, r-prerel-windows-x86_64, r-patched-linux-x86_64
Version: 0.3.9
Check: installed package size
Result: NOTE
installed size is 6.7Mb
sub-directories of 1Mb or more:
libs 5.4Mb
Flavors: r-prerel-macos-arm64, r-release-macos-arm64, r-release-macos-x86_64, r-oldrel-macos-arm64