CRAN Package Check Results for Package colourvalues

Last updated on 2022-01-24 12:52:04 CET.

Flavor Version Tinstall Tcheck Ttotal Status Flags
r-devel-linux-x86_64-debian-clang 0.3.7 88.42 43.05 131.47 NOTE
r-devel-linux-x86_64-debian-gcc 0.3.7 64.55 33.67 98.22 NOTE
r-devel-linux-x86_64-fedora-clang 0.3.7 204.07 NOTE
r-devel-linux-x86_64-fedora-gcc 0.3.7 172.20 NOTE
r-devel-windows-x86_64-new-UL 0.3.7 368.00 100.00 468.00 NOTE
r-devel-windows-x86_64-new-TK 0.3.7 NOTE
r-patched-linux-x86_64 0.3.7 76.48 41.57 118.05 NOTE
r-release-linux-x86_64 0.3.7 74.39 41.96 116.35 NOTE
r-release-macos-arm64 0.3.7 NOTE
r-release-macos-x86_64 0.3.7 NOTE
r-release-windows-ix86+x86_64 0.3.7 210.00 93.00 303.00 NOTE
r-oldrel-macos-x86_64 0.3.7 NOTE
r-oldrel-windows-ix86+x86_64 0.3.7 209.00 93.00 302.00 OK

Check Details

Version: 0.3.7
Check: LazyData
Result: NOTE
     'LazyData' is specified without a 'data' directory
Flavors: r-devel-linux-x86_64-debian-clang, r-devel-linux-x86_64-debian-gcc, r-devel-linux-x86_64-fedora-clang, r-devel-linux-x86_64-fedora-gcc, r-devel-windows-x86_64-new-UL, r-devel-windows-x86_64-new-TK, r-patched-linux-x86_64, r-release-linux-x86_64, r-release-macos-arm64, r-release-macos-x86_64, r-release-windows-ix86+x86_64

Version: 0.3.7
Check: installed package size
Result: NOTE
     installed size is 6.9Mb
     sub-directories of 1Mb or more:
     libs 5.6Mb
Flavors: r-devel-linux-x86_64-fedora-clang, r-release-macos-arm64, r-release-macos-x86_64, r-oldrel-macos-x86_64