Last updated on 2024-04-18 03:51:51 CEST.
Flavor | Version | Tinstall | Tcheck | Ttotal | Status | Flags |
---|---|---|---|---|---|---|
r-devel-linux-x86_64-debian-clang | 0.1.4 | 7.80 | 77.74 | 85.54 | NOTE | |
r-devel-linux-x86_64-debian-gcc | 0.1.4 | 6.74 | 56.87 | 63.61 | NOTE | |
r-devel-linux-x86_64-fedora-clang | 0.1.4 | 106.90 | NOTE | |||
r-devel-linux-x86_64-fedora-gcc | 0.1.4 | 118.88 | NOTE | |||
r-prerel-macos-arm64 | 0.1.4 | 33.00 | NOTE | |||
r-prerel-windows-x86_64 | 0.1.4 | 8.00 | 71.00 | 79.00 | NOTE | |
r-patched-linux-x86_64 | 0.1.4 | 12.07 | 71.33 | 83.40 | NOTE | |
r-release-linux-x86_64 | 0.1.4 | 9.13 | 74.68 | 83.81 | NOTE | |
r-release-macos-arm64 | 0.1.4 | 32.00 | NOTE | |||
r-release-macos-x86_64 | 0.1.4 | 51.00 | NOTE | |||
r-release-windows-x86_64 | 0.1.4 | 11.00 | 85.00 | 96.00 | NOTE | |
r-oldrel-macos-arm64 | 0.1.4 | 33.00 | NOTE | |||
r-oldrel-windows-x86_64 | 0.1.4 | 13.00 | 92.00 | 105.00 | NOTE |
Version: 0.1.4
Check: LazyData
Result: NOTE
'LazyData' is specified without a 'data' directory
Flavors: r-devel-linux-x86_64-debian-clang, r-devel-linux-x86_64-debian-gcc, r-devel-linux-x86_64-fedora-clang, r-devel-linux-x86_64-fedora-gcc, r-prerel-macos-arm64, r-prerel-windows-x86_64, r-patched-linux-x86_64, r-release-linux-x86_64, r-release-macos-arm64, r-release-macos-x86_64, r-release-windows-x86_64, r-oldrel-macos-arm64, r-oldrel-windows-x86_64