CRAN Package Check Results for Package colorednoise

Last updated on 2023-03-21 03:54:18 CET.

Flavor Version Tinstall Tcheck Ttotal Status Flags
r-devel-linux-x86_64-debian-clang 1.1.0 NOTE
r-devel-linux-x86_64-debian-gcc 1.1.0 41.88 193.14 235.02 NOTE
r-devel-linux-x86_64-fedora-clang 1.1.0 392.50 NOTE
r-devel-linux-x86_64-fedora-gcc 1.1.0 377.15 NOTE
r-devel-windows-x86_64 1.1.0 188.00 318.00 506.00 NOTE
r-patched-linux-x86_64 1.1.0 44.16 247.26 291.42 NOTE
r-release-linux-x86_64 1.1.0 43.77 239.46 283.23 NOTE
r-release-macos-arm64 1.1.0 142.00 NOTE
r-release-macos-x86_64 1.1.0 160.00 NOTE
r-release-windows-x86_64 1.1.0 51.00 332.00 383.00 NOTE
r-oldrel-macos-arm64 1.1.0 163.00 NOTE
r-oldrel-macos-x86_64 1.1.0 245.00 NOTE
r-oldrel-windows-ix86+x86_64 1.1.0 122.00 379.00 501.00 NOTE

Check Details

Version: 1.1.0
Check: LazyData
Result: NOTE
     'LazyData' is specified without a 'data' directory
Flavors: r-devel-linux-x86_64-debian-clang, r-devel-linux-x86_64-debian-gcc, r-devel-linux-x86_64-fedora-clang, r-devel-linux-x86_64-fedora-gcc, r-devel-windows-x86_64, r-patched-linux-x86_64, r-release-linux-x86_64, r-release-macos-arm64, r-release-macos-x86_64, r-release-windows-x86_64, r-oldrel-macos-arm64, r-oldrel-macos-x86_64, r-oldrel-windows-ix86+x86_64