CRAN Package Check Results for Package colordistance

Last updated on 2020-09-25 21:48:39 CEST.

Flavor Version Tinstall Tcheck Ttotal Status Flags
r-devel-linux-x86_64-debian-clang 1.1.0 3.56 130.19 133.75 NOTE
r-devel-linux-x86_64-debian-gcc 1.1.0 3.58 97.62 101.20 NOTE
r-devel-linux-x86_64-fedora-clang 1.1.0 165.48 NOTE
r-devel-linux-x86_64-fedora-gcc 1.1.0 157.60 NOTE
r-devel-windows-ix86+x86_64 1.1.0 10.00 168.00 178.00 OK
r-patched-linux-x86_64 1.1.0 4.60 125.50 130.10 NOTE
r-patched-solaris-x86 1.1.0 236.80 NOTE
r-release-linux-x86_64 1.1.0 3.70 126.49 130.19 NOTE
r-release-macos-x86_64 1.1.0 NOTE
r-release-windows-ix86+x86_64 1.1.0 9.00 168.00 177.00 OK
r-oldrel-macos-x86_64 1.1.0 NOTE
r-oldrel-windows-ix86+x86_64 1.1.0 7.00 162.00 169.00 OK

Check Details

Version: 1.1.0
Check: for non-standard things in the check directory
Result: NOTE
    Found the following files/directories:
     'HeliconiusColorTree.newick'
Flavors: r-devel-linux-x86_64-debian-clang, r-devel-linux-x86_64-debian-gcc, r-devel-linux-x86_64-fedora-clang, r-devel-linux-x86_64-fedora-gcc, r-patched-linux-x86_64, r-patched-solaris-x86, r-release-linux-x86_64

Version: 1.1.0
Check: dependencies in R code
Result: NOTE
    Namespace in Imports field not imported from: ‘magrittr’
     All declared Imports should be used.
Flavors: r-devel-linux-x86_64-fedora-clang, r-devel-linux-x86_64-fedora-gcc, r-patched-solaris-x86, r-release-macos-x86_64, r-oldrel-macos-x86_64