CRAN Package Check Results for Package colordistance

Last updated on 2020-02-18 12:47:12 CET.

Flavor Version Tinstall Tcheck Ttotal Status Flags
r-devel-linux-x86_64-debian-clang 1.1.0 4.57 132.32 136.89 NOTE
r-devel-linux-x86_64-debian-gcc 1.1.0 3.19 98.23 101.42 NOTE
r-devel-linux-x86_64-fedora-clang 1.1.0 158.40 WARN
r-devel-linux-x86_64-fedora-gcc 1.1.0 156.03 NOTE
r-devel-windows-ix86+x86_64 1.1.0 12.00 142.00 154.00 OK
r-devel-windows-ix86+x86_64-gcc8 1.1.0 23.00 187.00 210.00 OK
r-patched-linux-x86_64 1.1.0 3.55 117.50 121.05 OK
r-patched-solaris-x86 1.1.0 215.60 NOTE
r-release-linux-x86_64 1.1.0 3.98 117.21 121.19 OK
r-release-windows-ix86+x86_64 1.1.0 8.00 134.00 142.00 OK
r-release-osx-x86_64 1.1.0 NOTE
r-oldrel-windows-ix86+x86_64 1.1.0 5.00 162.00 167.00 OK
r-oldrel-osx-x86_64 1.1.0 NOTE

Check Details

Version: 1.1.0
Check: for non-standard things in the check directory
Result: NOTE
    Found the following files/directories:
     'HeliconiusColorTree.newick'
Flavors: r-devel-linux-x86_64-debian-clang, r-devel-linux-x86_64-debian-gcc, r-devel-linux-x86_64-fedora-clang, r-devel-linux-x86_64-fedora-gcc

Version: 1.1.0
Check: package dependencies
Result: WARN
    Requires orphaned package: ‘gplots’
Flavor: r-devel-linux-x86_64-fedora-clang

Version: 1.1.0
Check: dependencies in R code
Result: NOTE
    Namespace in Imports field not imported from: ‘magrittr’
     All declared Imports should be used.
Flavors: r-devel-linux-x86_64-fedora-clang, r-devel-linux-x86_64-fedora-gcc, r-patched-solaris-x86, r-release-osx-x86_64, r-oldrel-osx-x86_64