CRAN Package Check Results for Package colordistance

Last updated on 2024-05-20 12:51:40 CEST.

Flavor Version Tinstall Tcheck Ttotal Status Flags
r-devel-linux-x86_64-debian-clang 1.1.2 5.70 153.27 158.97 NOTE
r-devel-linux-x86_64-debian-gcc 1.1.2 3.42 116.13 119.55 NOTE
r-devel-linux-x86_64-fedora-clang 1.1.2 206.64 NOTE
r-devel-linux-x86_64-fedora-gcc 1.1.2 206.96 NOTE
r-devel-windows-x86_64 1.1.2 5.00 152.00 157.00 NOTE
r-patched-linux-x86_64 1.1.2 4.49 151.84 156.33 NOTE
r-release-linux-x86_64 1.1.2 4.96 151.59 156.55 NOTE
r-release-macos-arm64 1.1.2 68.00 NOTE
r-release-windows-x86_64 1.1.2 6.00 153.00 159.00 NOTE
r-oldrel-macos-arm64 1.1.2 74.00 NOTE
r-oldrel-macos-x86_64 1.1.2 107.00 NOTE
r-oldrel-windows-x86_64 1.1.2 7.00 172.00 179.00 NOTE

Check Details

Version: 1.1.2
Check: Rd files
Result: NOTE checkRd: (-1) getHistList.Rd:32: Lost braces; missing escapes or markup? 32 | ({FALSE})? If a bin is empty, the center of the bin is returned as the | ^ checkRd: (-1) imageClusterPipeline.Rd:82: Lost braces; missing escapes or markup? 82 | of the bin ({FALSE})? If a bin is empty, the center of the bin is returned | ^ Flavors: r-devel-linux-x86_64-debian-clang, r-devel-linux-x86_64-debian-gcc, r-devel-linux-x86_64-fedora-clang, r-devel-linux-x86_64-fedora-gcc, r-devel-windows-x86_64, r-patched-linux-x86_64, r-release-linux-x86_64, r-release-macos-arm64, r-release-windows-x86_64

Version: 1.1.2
Check: LazyData
Result: NOTE 'LazyData' is specified without a 'data' directory Flavors: r-devel-linux-x86_64-debian-clang, r-devel-linux-x86_64-debian-gcc, r-devel-linux-x86_64-fedora-clang, r-devel-linux-x86_64-fedora-gcc, r-devel-windows-x86_64, r-patched-linux-x86_64, r-release-linux-x86_64, r-release-macos-arm64, r-release-windows-x86_64, r-oldrel-macos-arm64, r-oldrel-macos-x86_64, r-oldrel-windows-x86_64

Version: 1.1.2
Check: dependencies in R code
Result: NOTE Namespaces in Imports field not imported from: ‘magrittr’ ‘qpdf’ All declared Imports should be used. Flavors: r-devel-linux-x86_64-fedora-clang, r-devel-linux-x86_64-fedora-gcc