CRAN Package Check Results for Package colordistance

Last updated on 2022-01-26 21:50:04 CET.

Flavor Version Tinstall Tcheck Ttotal Status Flags
r-devel-linux-x86_64-debian-clang 1.1.2 4.86 125.47 130.33 NOTE
r-devel-linux-x86_64-debian-gcc 1.1.2 3.64 95.93 99.57 NOTE
r-devel-linux-x86_64-fedora-clang 1.1.2 155.88 NOTE
r-devel-linux-x86_64-fedora-gcc 1.1.2 146.79 NOTE
r-devel-windows-x86_64-new-UL 1.1.2 125.00 204.00 329.00 NOTE
r-devel-windows-x86_64-new-TK 1.1.2 NOTE
r-patched-linux-x86_64 1.1.2 3.60 133.34 136.94 NOTE
r-release-linux-x86_64 1.1.2 3.09 129.68 132.77 NOTE
r-release-macos-arm64 1.1.2 NOTE
r-release-macos-x86_64 1.1.2 NOTE
r-release-windows-ix86+x86_64 1.1.2 10.00 169.00 179.00 NOTE
r-oldrel-macos-x86_64 1.1.2 NOTE
r-oldrel-windows-ix86+x86_64 1.1.2 10.00 163.00 173.00 OK

Check Details

Version: 1.1.2
Check: LazyData
Result: NOTE
     'LazyData' is specified without a 'data' directory
Flavors: r-devel-linux-x86_64-debian-clang, r-devel-linux-x86_64-debian-gcc, r-devel-linux-x86_64-fedora-clang, r-devel-linux-x86_64-fedora-gcc, r-devel-windows-x86_64-new-UL, r-devel-windows-x86_64-new-TK, r-patched-linux-x86_64, r-release-linux-x86_64, r-release-macos-arm64, r-release-macos-x86_64, r-release-windows-ix86+x86_64

Version: 1.1.2
Check: dependencies in R code
Result: NOTE
    Namespaces in Imports field not imported from:
     ‘magrittr’ ‘qpdf’
     All declared Imports should be used.
Flavors: r-devel-linux-x86_64-fedora-clang, r-devel-linux-x86_64-fedora-gcc, r-devel-windows-x86_64-new-TK, r-release-macos-arm64, r-release-macos-x86_64, r-oldrel-macos-x86_64