Last updated on 2024-04-23 21:54:41 CEST.
Flavor | Version | Tinstall | Tcheck | Ttotal | Status | Flags |
---|---|---|---|---|---|---|
r-devel-linux-x86_64-debian-clang | 0.1.1 | 5.27 | 181.92 | 187.19 | NOTE | |
r-devel-linux-x86_64-debian-gcc | 0.1.1 | 4.74 | 136.39 | 141.13 | NOTE | |
r-devel-linux-x86_64-fedora-clang | 0.1.1 | 263.70 | NOTE | |||
r-devel-linux-x86_64-fedora-gcc | 0.1.1 | 308.88 | NOTE | |||
r-prerel-macos-arm64 | 0.1.1 | 83.00 | NOTE | |||
r-prerel-windows-x86_64 | 0.1.1 | 9.00 | 239.00 | 248.00 | NOTE | |
r-patched-linux-x86_64 | 0.1.1 | 10.13 | 171.68 | 181.81 | NOTE | |
r-release-linux-x86_64 | 0.1.1 | 6.72 | 179.45 | 186.17 | NOTE | |
r-release-macos-arm64 | 0.1.1 | 84.00 | NOTE | |||
r-release-macos-x86_64 | 0.1.1 | 136.00 | NOTE | |||
r-release-windows-x86_64 | 0.1.1 | 8.00 | 229.00 | 237.00 | NOTE | |
r-oldrel-macos-arm64 | 0.1.1 | 70.00 | NOTE | |||
r-oldrel-windows-x86_64 | 0.1.1 | 10.00 | 236.00 | 246.00 | NOTE |
Version: 0.1.1
Check: LazyData
Result: NOTE
'LazyData' is specified without a 'data' directory
Flavors: r-devel-linux-x86_64-debian-clang, r-devel-linux-x86_64-debian-gcc, r-devel-linux-x86_64-fedora-clang, r-devel-linux-x86_64-fedora-gcc, r-prerel-macos-arm64, r-prerel-windows-x86_64, r-patched-linux-x86_64, r-release-linux-x86_64, r-release-macos-arm64, r-release-macos-x86_64, r-release-windows-x86_64, r-oldrel-macos-arm64, r-oldrel-windows-x86_64