Last updated on 2025-07-25 12:50:02 CEST.
Flavor | Version | Tinstall | Tcheck | Ttotal | Status | Flags |
---|---|---|---|---|---|---|
r-devel-linux-x86_64-debian-clang | 0.2.0 | 5.04 | 22.03 | 27.07 | OK | |
r-devel-linux-x86_64-debian-gcc | 0.2.0 | 4.17 | 19.09 | 23.26 | OK | |
r-devel-linux-x86_64-fedora-clang | 0.2.0 | 41.60 | OK | |||
r-devel-linux-x86_64-fedora-gcc | 0.2.0 | 39.40 | OK | |||
r-devel-windows-x86_64 | 0.2.0 | 5.00 | 36.00 | 41.00 | OK | |
r-patched-linux-x86_64 | 0.2.0 | 5.58 | 20.49 | 26.07 | OK | |
r-release-linux-x86_64 | 0.2.0 | 5.16 | 20.47 | 25.63 | OK | |
r-release-macos-arm64 | 0.2.0 | 20.00 | OK | |||
r-release-macos-x86_64 | 0.2.0 | 31.00 | OK | |||
r-release-windows-x86_64 | 0.2.0 | 6.00 | 39.00 | 45.00 | OK | |
r-oldrel-macos-arm64 | 0.2.0 | 23.00 | NOTE | |||
r-oldrel-macos-x86_64 | 0.2.0 | 36.00 | OK | |||
r-oldrel-windows-x86_64 | 0.2.0 | 7.00 | 37.00 | 44.00 | OK |
Version: 0.2.0
Check: installed package size
Result: NOTE
installed size is 5.4Mb
sub-directories of 1Mb or more:
data 5.2Mb
Flavor: r-oldrel-macos-arm64