CRAN Package Check Results for Package collections

Last updated on 2022-05-26 03:53:05 CEST.

Flavor Version Tinstall Tcheck Ttotal Status Flags
r-devel-linux-x86_64-debian-clang 0.3.5 6.91 34.54 41.45 NOTE
r-devel-linux-x86_64-debian-gcc 0.3.5 5.02 27.10 32.12 NOTE
r-devel-linux-x86_64-fedora-clang 0.3.5 51.26 NOTE
r-devel-linux-x86_64-fedora-gcc 0.3.5 49.81 NOTE
r-devel-windows-x86_64 0.3.5 46.00 60.00 106.00 NOTE
r-patched-linux-x86_64 0.3.5 5.50 33.93 39.43 NOTE
r-release-linux-x86_64 0.3.5 NOTE
r-release-macos-arm64 0.3.5 18.00 NOTE
r-release-macos-x86_64 0.3.5 25.00 NOTE
r-release-windows-x86_64 0.3.5 42.00 56.00 98.00 NOTE
r-oldrel-macos-arm64 0.3.5 25.00 NOTE
r-oldrel-macos-x86_64 0.3.5 34.00 NOTE
r-oldrel-windows-ix86+x86_64 0.3.5 21.00 55.00 76.00 NOTE

Check Details

Version: 0.3.5
Check: LazyData
Result: NOTE
     'LazyData' is specified without a 'data' directory
Flavors: r-devel-linux-x86_64-debian-clang, r-devel-linux-x86_64-debian-gcc, r-devel-linux-x86_64-fedora-clang, r-devel-linux-x86_64-fedora-gcc, r-devel-windows-x86_64, r-patched-linux-x86_64, r-release-linux-x86_64, r-release-macos-arm64, r-release-macos-x86_64, r-release-windows-x86_64, r-oldrel-macos-arm64, r-oldrel-macos-x86_64, r-oldrel-windows-ix86+x86_64