Last updated on 2023-06-08 05:58:05 CEST.
Flavor | Version | Tinstall | Tcheck | Ttotal | Status | Flags |
---|---|---|---|---|---|---|
r-devel-linux-x86_64-debian-clang | 0.1.7 | 3.65 | 41.53 | 45.18 | NOTE | |
r-devel-linux-x86_64-debian-gcc | 0.1.7 | 2.88 | 32.16 | 35.04 | NOTE | |
r-devel-linux-x86_64-fedora-clang | 0.1.7 | 58.93 | NOTE | |||
r-devel-linux-x86_64-fedora-gcc | 0.1.7 | 55.18 | NOTE | |||
r-devel-windows-x86_64 | 0.1.7 | 7.00 | 51.00 | 58.00 | NOTE | |
r-patched-linux-x86_64 | 0.1.7 | 3.74 | 40.01 | 43.75 | NOTE | |
r-release-linux-x86_64 | 0.1.7 | 3.91 | 40.05 | 43.96 | NOTE | |
r-release-macos-arm64 | 0.1.7 | 23.00 | NOTE | |||
r-release-macos-x86_64 | 0.1.7 | 31.00 | NOTE | |||
r-release-windows-x86_64 | 0.1.7 | 6.00 | 58.00 | 64.00 | NOTE | |
r-oldrel-macos-arm64 | 0.1.7 | 20.00 | NOTE | |||
r-oldrel-macos-x86_64 | 0.1.7 | 28.00 | NOTE | |||
r-oldrel-windows-x86_64 | 0.1.7 | 6.00 | 62.00 | 68.00 | NOTE |
Version: 0.1.7
Check: LazyData
Result: NOTE
'LazyData' is specified without a 'data' directory
Flavors: r-devel-linux-x86_64-debian-clang, r-devel-linux-x86_64-debian-gcc, r-devel-linux-x86_64-fedora-clang, r-devel-linux-x86_64-fedora-gcc, r-devel-windows-x86_64, r-patched-linux-x86_64, r-release-linux-x86_64, r-release-macos-arm64, r-release-macos-x86_64, r-release-windows-x86_64, r-oldrel-macos-arm64, r-oldrel-macos-x86_64, r-oldrel-windows-x86_64