Last updated on 2023-09-27 12:02:44 CEST.
Flavor | Version | Tinstall | Tcheck | Ttotal | Status | Flags |
---|---|---|---|---|---|---|
r-devel-linux-x86_64-debian-clang | 1.9.6 | 235.33 | 405.58 | 640.91 | OK | |
r-devel-linux-x86_64-debian-gcc | 1.9.6 | 174.70 | 294.01 | 468.71 | OK | |
r-devel-linux-x86_64-fedora-clang | 1.9.6 | 828.85 | OK | |||
r-devel-linux-x86_64-fedora-gcc | 1.9.6 | 640.49 | OK | |||
r-devel-windows-x86_64 | 1.9.6 | 156.00 | 332.00 | 488.00 | OK | |
r-patched-linux-x86_64 | 1.9.6 | 245.46 | 384.99 | 630.45 | OK | |
r-release-linux-x86_64 | 1.9.6 | 243.95 | 381.27 | 625.22 | OK | |
r-release-macos-arm64 | 1.9.6 | 214.00 | NOTE | |||
r-release-macos-x86_64 | 1.9.6 | 508.00 | NOTE | |||
r-release-windows-x86_64 | 1.9.6 | 214.00 | 417.00 | 631.00 | OK | |
r-oldrel-macos-arm64 | 1.9.6 | 209.00 | NOTE | |||
r-oldrel-macos-x86_64 | 1.9.6 | 260.00 | NOTE | |||
r-oldrel-windows-x86_64 | 1.9.6 | 206.00 | 409.00 | 615.00 | OK |
Version: 1.9.6
Check: installed package size
Result: NOTE
installed size is 13.1Mb
sub-directories of 1Mb or more:
R 1.0Mb
libs 10.5Mb
Flavors: r-release-macos-arm64, r-release-macos-x86_64, r-oldrel-macos-arm64, r-oldrel-macos-x86_64