Last updated on 2024-03-28 06:52:45 CET.
Flavor | Version | Tinstall | Tcheck | Ttotal | Status | Flags |
---|---|---|---|---|---|---|
r-devel-linux-x86_64-debian-clang | 2.0.11 | 239.14 | 515.44 | 754.58 | OK | |
r-devel-linux-x86_64-debian-gcc | 2.0.11 | 205.47 | 366.34 | 571.81 | OK | |
r-devel-linux-x86_64-fedora-clang | 2.0.11 | 1018.37 | OK | |||
r-devel-linux-x86_64-fedora-gcc | 2.0.11 | 1079.50 | OK | |||
r-devel-windows-x86_64 | 2.0.11 | 191.00 | 455.00 | 646.00 | NOTE | |
r-patched-linux-x86_64 | 2.0.10 | 255.43 | 474.00 | 729.43 | OK | |
r-release-linux-x86_64 | 2.0.11 | 249.51 | 487.98 | 737.49 | OK | |
r-release-macos-arm64 | 2.0.11 | 279.00 | NOTE | |||
r-release-macos-x86_64 | 2.0.11 | 740.00 | NOTE | |||
r-release-windows-x86_64 | 2.0.11 | 213.00 | 544.00 | 757.00 | NOTE | |
r-oldrel-macos-arm64 | 2.0.11 | 255.00 | NOTE | |||
r-oldrel-windows-x86_64 | 2.0.11 | 163.00 | 498.00 | 661.00 | NOTE |
Version: 2.0.11
Check: installed package size
Result: NOTE
installed size is 5.2Mb
sub-directories of 1Mb or more:
R 1.0Mb
libs 2.4Mb
Flavors: r-devel-windows-x86_64, r-release-macos-arm64, r-release-macos-x86_64, r-release-windows-x86_64, r-oldrel-macos-arm64, r-oldrel-windows-x86_64