CRAN Package Check Results for Package collapse

Last updated on 2022-08-18 06:49:24 CEST.

Flavor Version Tinstall Tcheck Ttotal Status Flags
r-devel-linux-x86_64-debian-clang 1.8.6 233.35 329.21 562.56 OK
r-devel-linux-x86_64-debian-gcc 1.8.8 193.51 245.69 439.20 OK
r-devel-linux-x86_64-fedora-clang 1.8.8 764.68 OK
r-devel-linux-x86_64-fedora-gcc 1.8.8 776.33 OK
r-devel-windows-x86_64 1.8.8 316.00 420.00 736.00 OK
r-patched-linux-x86_64 1.8.8 214.98 315.96 530.94 OK
r-release-linux-x86_64 1.8.6 202.47 307.24 509.71 OK
r-release-macos-arm64 1.8.8 162.00 NOTE
r-release-macos-x86_64 1.8.8 225.00 NOTE
r-release-windows-x86_64 1.8.8 179.00 384.00 563.00 OK
r-oldrel-macos-arm64 1.8.8 154.00 NOTE
r-oldrel-macos-x86_64 1.8.8 230.00 NOTE
r-oldrel-windows-ix86+x86_64 1.8.8 345.00 615.00 960.00 WARN

Additional issues

rchk

Check Details

Version: 1.8.8
Check: installed package size
Result: NOTE
     installed size is 13.0Mb
     sub-directories of 1Mb or more:
     libs 10.7Mb
Flavors: r-release-macos-arm64, r-release-macos-x86_64, r-oldrel-macos-arm64, r-oldrel-macos-x86_64, r-oldrel-windows-ix86+x86_64

Version: 1.8.8
Check: for unstated dependencies in ‘tests’
Result: WARN
    Warning: unable to access index for repository https://bioconductor.org/packages/3.14/bioc/src/contrib:
     cannot open URL 'https://bioconductor.org/packages/3.14/bioc/src/contrib/PACKAGES'
    Warning: unable to access index for repository https://bioconductor.org/packages/3.14/data/annotation/src/contrib:
     cannot open URL 'https://bioconductor.org/packages/3.14/data/annotation/src/contrib/PACKAGES'
    Warning: unable to access index for repository https://bioconductor.org/packages/3.14/data/experiment/src/contrib:
     cannot open URL 'https://bioconductor.org/packages/3.14/data/experiment/src/contrib/PACKAGES'
Flavor: r-oldrel-windows-ix86+x86_64