Last updated on 2025-07-23 12:54:05 CEST.
Flavor | Version | Tinstall | Tcheck | Ttotal | Status | Flags |
---|---|---|---|---|---|---|
r-devel-linux-x86_64-debian-clang | 0.9.3 | 9.00 | 82.88 | 91.88 | NOTE | |
r-devel-linux-x86_64-debian-gcc | 0.9.3 | 6.00 | 58.44 | 64.44 | NOTE | |
r-devel-linux-x86_64-fedora-clang | 0.9.3 | 137.55 | NOTE | |||
r-devel-linux-x86_64-fedora-gcc | 0.9.3 | 131.96 | NOTE | |||
r-devel-windows-x86_64 | 0.9.3 | 9.00 | 93.00 | 102.00 | NOTE | |
r-patched-linux-x86_64 | 0.9.3 | 6.89 | 75.79 | 82.68 | NOTE | |
r-release-linux-x86_64 | 0.9.3 | 7.98 | 75.69 | 83.67 | NOTE | |
r-release-macos-arm64 | 0.9.3 | 39.00 | NOTE | |||
r-release-macos-x86_64 | 0.9.3 | 77.00 | NOTE | |||
r-release-windows-x86_64 | 0.9.3 | 11.00 | 95.00 | 106.00 | NOTE | |
r-oldrel-macos-arm64 | 0.9.3 | 37.00 | NOTE | |||
r-oldrel-macos-x86_64 | 0.9.3 | 56.00 | NOTE | |||
r-oldrel-windows-x86_64 | 0.9.3 | 13.00 | 119.00 | 132.00 | NOTE |
Version: 0.9.3
Check: package subdirectories
Result: NOTE
Problems with news in ‘NEWS.md’:
No news entries found.
Flavors: r-devel-linux-x86_64-debian-clang, r-devel-linux-x86_64-debian-gcc, r-devel-linux-x86_64-fedora-clang, r-devel-linux-x86_64-fedora-gcc, r-devel-windows-x86_64, r-patched-linux-x86_64, r-release-linux-x86_64, r-release-macos-arm64, r-release-macos-x86_64, r-release-windows-x86_64, r-oldrel-macos-arm64, r-oldrel-macos-x86_64, r-oldrel-windows-x86_64