Last updated on 2025-02-04 03:49:45 CET.
Flavor | Version | Tinstall | Tcheck | Ttotal | Status | Flags |
---|---|---|---|---|---|---|
r-devel-linux-x86_64-debian-clang | 2.2-0 | 8.53 | 51.22 | 59.75 | OK | |
r-devel-linux-x86_64-debian-gcc | 2.2-0 | 5.57 | 39.40 | 44.97 | OK | |
r-devel-linux-x86_64-fedora-clang | 2.2-0 | 100.78 | NOTE | |||
r-devel-linux-x86_64-fedora-gcc | 2.2-0 | 90.75 | NOTE | |||
r-devel-windows-x86_64 | 2.2-0 | 10.00 | 67.00 | 77.00 | OK | |
r-patched-linux-x86_64 | 2.2-0 | 7.23 | 48.44 | 55.67 | OK | |
r-release-linux-x86_64 | 2.2-0 | 6.82 | 48.93 | 55.75 | OK | |
r-release-macos-arm64 | 2.2-0 | 33.00 | OK | |||
r-release-macos-x86_64 | 2.2-0 | 51.00 | OK | |||
r-release-windows-x86_64 | 2.2-0 | 10.00 | 67.00 | 77.00 | OK | |
r-oldrel-macos-arm64 | 2.2-0 | 36.00 | OK | |||
r-oldrel-macos-x86_64 | 2.2-0 | 54.00 | OK | |||
r-oldrel-windows-x86_64 | 2.2-0 | 12.00 | 77.00 | 89.00 | OK |
Version: 2.2-0
Check: compiled code
Result: NOTE
File ‘coenoflex/libs/coenoflex.so’:
Found no calls to: ‘R_registerRoutines’, ‘R_useDynamicSymbols’
It is good practice to register native routines and to disable symbol
search.
See ‘Writing portable packages’ in the ‘Writing R Extensions’ manual.
Flavors: r-devel-linux-x86_64-fedora-clang, r-devel-linux-x86_64-fedora-gcc